{"id":130,"date":"2015-02-19T11:51:48","date_gmt":"2015-02-19T09:51:48","guid":{"rendered":"http:\/\/psv-siegburg.de\/blog\/?page_id=130"},"modified":"2015-02-19T11:51:48","modified_gmt":"2015-02-19T09:51:48","slug":"wanderungen-2014","status":"publish","type":"page","link":"http:\/\/psv-siegburg.de\/blog\/wanderungen-2014\/","title":{"rendered":"Wanderungen 2014"},"content":{"rendered":"<table id=\"table23\" border=\"0\" width=\"100%\">\n<tbody>\n<tr>\n<td><span style=\"text-decoration: underline;\"><b><span style=\"font-size: medium;\">Wanderungen 2014<\/span><\/b><\/span><\/td>\n<\/tr>\n<tr>\n<td><span style=\"text-decoration: underline;\"><b><span style=\"font-size: medium;\">Tourenberichte<\/span><\/b><\/span><\/td>\n<\/tr>\n<tr>\n<td><b><span style=\"font-size: small;\">Wanderung am 16.11.2014 ins Kasbachtal<\/span><\/b><br \/>\nNun ist es doch einmal passiert. Nachdem wir schon dachten, bei unseren Wanderungen die Sonne gepachtet zu haben, war an diesem Tag viel Regen angesagt. Trotz der \u201eschaurigen\u201c Aussichten trafen sich 12 Wanderfreundinnen und Wanderfreunde am Linzer Bahnhof. Zum Aufw\u00e4rmen ging es zun\u00e4chst ein St\u00fcck rheinaufw\u00e4rts und dann nach links ins sch\u00f6ne Floratal, dem wir bis auf die ersten H\u00f6hen des Westerwaldes folgten. In stetem auf und ab kamen wir zur Erler Bergh\u00fctte, wo wir uns eine Rast und ein trockenes Pl\u00e4tzchen redlich verdient hatten. Als wir wieder aufbrachen, h\u00f6rte der Regen auf, kurze Zeit sp\u00e4ter brach die Sonne durch, und wir konnten die ersten Fernblicke erhaschen. Nach insgesamt gut 17 km und 530 H\u00f6henmetern erreichten wir das Brauhaus der Steffens-Brauerei im Kasbachtal und damit die verdiente kulinarische Belohnung. Auf dem Gel\u00e4nde hatte am Vortag der historische Weihnachtsmarkt seine Pforten ge\u00f6ffnet. Klein, aber sehr, sehr fein\u2026<br \/>\nDas technische Highlight kam zum Schluss. Mit einem \u201eOldtimer\u201c-Schienenbus kehrten wir nach Linz zur\u00fcck.<\/td>\n<\/tr>\n<tr>\n<td>\n<table id=\"table24\" border=\"0\" width=\"100%\">\n<tbody>\n<tr>\n<td><img loading=\"lazy\" decoding=\"async\" src=\"http:\/\/psv-siegburg.de\/img\/wandern\/2014\/nov2014-1.png\" alt=\"\" width=\"240\" height=\"134\" border=\"0\" \/><\/td>\n<td><img loading=\"lazy\" decoding=\"async\" src=\"http:\/\/psv-siegburg.de\/img\/wandern\/2014\/nov2014-2.png\" alt=\"\" width=\"240\" height=\"134\" border=\"0\" \/><\/td>\n<\/tr>\n<\/tbody>\n<\/table>\n<\/td>\n<\/tr>\n<tr>\n<td>\n<hr noshade=\"noshade\" \/>\n<\/td>\n<\/tr>\n<tr>\n<td><b><span style=\"font-size: small;\">Wan<\/span><\/b><span style=\"font-size: small;\"><b>derung am 26.10.2014 im Ahrtal<\/b><\/span><br \/>\nBei strahlendem Sonnenschein trafen sich 22 Wanderbegeisterte in Altenahr-Kreuzberg. \u00dcber einen herrlichen Panoramasteig ging es zun\u00e4chst ein St\u00fcck ahraufw\u00e4rts. In Br\u00fcck querten wir das Fl\u00fcsschen und stiegen an der Katharinenkapelle vorbei \u00fcber einen kaum begangenen Weg zum Hexenplatz, wo wir eine ausgiebige Rast einlegten. Von dort stiegen wir weiter auf bis zur Spitze des Steinerbergs, mit 531 m einer der h\u00f6chsten in der Nordeifel. Hier wurden mit einer tollen Fernsicht die Sinne belohnt. Das leibliche Wohl erhielt wenig sp\u00e4ter im Berggasthof Steinerberghaus seine verdiente Belohnung.<br \/>\nDer weitere Weg f\u00fchrte uns \u00fcber den Schr\u00f6ck (tolle Aussicht ins Siebengebirge und bis ins rechtsrheinische K\u00f6ln) fast wieder hinunter bis zur Ahr. Von da waren es eigentlich nur noch 10 Minuten bis zum Parkplatz. Aber das Beste kommt bekanntlich zum Schluss: Alle f\u00fchlten sich fit, und so ging es auf alpinem Steig noch einmal aufw\u00e4rts bis zum Teufelsloch und weiter zum Hungerkreuz. Altenahr nun zum Greifen nah, stiegen wir nun endg\u00fcltig ab. Schnell noch einen<br \/>\nFederweissen getrunken, und dann in der D\u00e4mmerung den k\u00fcrzesten Weg zum Parkplatz gesucht und gefunden.<br \/>\nBeim Blick auf das Navi stellten wir erstaunt fest, dass wir \u00fcber 19 km marschiert sind\u2026<\/td>\n<\/tr>\n<tr>\n<td>\n<table id=\"table25\" border=\"0\" width=\"100%\">\n<tbody>\n<tr>\n<td><img loading=\"lazy\" decoding=\"async\" src=\"http:\/\/psv-siegburg.de\/img\/wandern\/2014\/okt2014-1.png\" alt=\"\" width=\"240\" height=\"179\" border=\"0\" \/><\/td>\n<td><img loading=\"lazy\" decoding=\"async\" src=\"http:\/\/psv-siegburg.de\/img\/wandern\/2014\/okt2014-3.png\" alt=\"\" width=\"240\" height=\"179\" border=\"0\" \/><\/td>\n<\/tr>\n<\/tbody>\n<\/table>\n<\/td>\n<\/tr>\n<tr>\n<td>\n<hr noshade=\"noshade\" \/>\n<\/td>\n<\/tr>\n<tr>\n<td><span style=\"font-size: small;\"><b>Wanderung am 07.09.2014 von Rh\u00f6ndorf nach Unkel<\/b><\/span><br \/>\nZum Warmlaufen f\u00fcr die diesj\u00e4hrige Herbstfahrt im Allg\u00e4u haben wir uns das s\u00fcdliche Siebengebirge vorgenommen. 17 Wanderinnen und Wanderer trafen sich am Bahnhof in Rh\u00f6ndorf. Gl\u00fccklicherweise hatte das am gleichen Tage stattfindende Weinfest noch nicht begonnen, die Ablenkung w\u00e4re doch zu gro\u00df geworden.<br \/>\nAuf schmalem Pfad ging es hoch Richtung Breiberge und dann meist auf dem historischen Rheinh\u00f6henweg bis Rheinbreitbach. Vorher machten wir nat\u00fcrlich am Aussichtspunkt Koppel Rast, von dem aus man bei guter Sicht sogar den K\u00f6lner Dom sehen soll.<br \/>\nEin kurzer, aber heftiger alpiner Steig brachte uns dann in den Ort, und dann hatte uns bis zum Ziel in Unkel nach insgesamt 15 km die flache Erde wieder. Hier kamen dann doch noch alle zu ihrem wohlverdienten Weinfest\u2026<\/td>\n<\/tr>\n<tr>\n<td>\n<table id=\"table26\" border=\"0\" width=\"100%\">\n<tbody>\n<tr>\n<td><img loading=\"lazy\" decoding=\"async\" src=\"http:\/\/psv-siegburg.de\/img\/wandern\/2014\/sep2014-1.png\" alt=\"\" width=\"240\" height=\"134\" border=\"0\" \/><\/td>\n<td><img loading=\"lazy\" decoding=\"async\" src=\"http:\/\/psv-siegburg.de\/img\/wandern\/2014\/sep2014-2.png\" alt=\"\" width=\"240\" height=\"185\" border=\"0\" \/><\/td>\n<\/tr>\n<\/tbody>\n<\/table>\n<\/td>\n<\/tr>\n<tr>\n<td>\n<hr noshade=\"noshade\" \/>\n<\/td>\n<\/tr>\n<tr>\n<td><span style=\"font-size: small;\"><b>Wanderung am 10.08.2014 \u201eRund um die Wahnbachtalsperre\u201c<\/b><\/span><br \/>\nNachdem uns der Bus bis Neunkirchen gebracht hatte, stiegen wir an der \u201ePhosphor-Eliminierungsanlage\u201c in den erst vor 2 Jahren erschlossenen Sieg-Erlebnisweg Nr. 3. Im st\u00e4ndigen auf und ab, h\u00e4ufig auf naturbelassenen Wegen, boten sich traumhafte Ausblicke auf die \u201eHeimat\u201c unseres Trinkwassers. Nach insgesamt 17 km gab es mit unserem j\u00e4hrlichen Grillfest in Heisterschoss eine angemessene Belohnung.<\/td>\n<\/tr>\n<tr>\n<td>\n<table id=\"table27\" border=\"0\" width=\"100%\">\n<tbody>\n<tr>\n<td><img loading=\"lazy\" decoding=\"async\" src=\"http:\/\/psv-siegburg.de\/img\/wandern\/2014\/aug2014-1.png\" alt=\"\" width=\"240\" height=\"134\" border=\"0\" \/><\/td>\n<td><img loading=\"lazy\" decoding=\"async\" src=\"http:\/\/psv-siegburg.de\/img\/wandern\/2014\/aug2014-2.png\" alt=\"\" width=\"240\" height=\"134\" border=\"0\" \/><\/td>\n<\/tr>\n<\/tbody>\n<\/table>\n<\/td>\n<\/tr>\n<tr>\n<td>\n<hr noshade=\"noshade\" \/>\n<\/td>\n<\/tr>\n<tr>\n<td><span style=\"font-size: small;\"><b>Wanderung am 20.07.2014 im Kessenicher Tal<\/b><\/span><br \/>\nWieder einmal hatte es Petrus gut mit uns gemeint, als sich 16 Wanderfreundinnen und \u2013freunde in Ahrbr\u00fcck aufmachten. Beim Aufstieg zur Denner H\u00fctte floss zwar der Schwei\u00df in Str\u00f6men, aber die Sonne lag gl\u00fccklicherweise noch hinter den Wolken. Als wir dann die H\u00f6he erreicht hatten, folgte dann bei strahlendem Sonnenschein eine sch\u00f6ne H\u00f6henwanderung.<br \/>\nAuf einer Lichtung hatte ich einige Wochen vorher bereits Hirsche beobachten k\u00f6nnen. Und wie bestellt, standen wir pl\u00f6tzlich vor 7 Hirschk\u00fchen, kaum 30 m entfernt. Sie gaben uns einige Sekunden Zeit zur Beobachtung, dann aber hatte sie das \u201eGrundrauschen\u201c von so vielen Menschen doch aufmerksam gemacht.<br \/>\nSie flohen nicht, sie trabten majest\u00e4tisch in den Wald. Und auch wir trabten weiter\u2026<br \/>\nAuf gut ausgebauten, aber einsamen Wegen strebten wir Richtung Denn-Bach und kamen nach 15 km zum Gasthaus Tannenhof. Hier erwartete uns bereits der r\u00fchrige Wirt. Fix hatten wir unsere Getr\u00e4nke und auch das leckere Essen lie\u00df nicht lange auf sich warten. Gleiches galt f\u00fcr ein kurzes Gewitter.<\/td>\n<\/tr>\n<tr>\n<td>\n<table id=\"table28\" border=\"0\" width=\"100%\">\n<tbody>\n<tr>\n<td><img loading=\"lazy\" decoding=\"async\" src=\"http:\/\/psv-siegburg.de\/img\/wandern\/2014\/jul2014-1.png\" alt=\"\" width=\"240\" height=\"134\" border=\"0\" \/><\/td>\n<td><img loading=\"lazy\" decoding=\"async\" src=\"http:\/\/psv-siegburg.de\/img\/wandern\/2014\/jul2014-2.png\" alt=\"\" width=\"240\" height=\"134\" border=\"0\" \/><\/td>\n<\/tr>\n<\/tbody>\n<\/table>\n<\/td>\n<\/tr>\n<tr>\n<td>\n<hr noshade=\"noshade\" \/>\n<\/td>\n<\/tr>\n<tr>\n<td><span style=\"font-size: small;\"><b>Wanderung am 09.06.2014 bei Much<\/b><\/span><br \/>\nTrotz Temperaturen von weit \u00fcber 30 Grad fanden sich zahlreiche Wanderfreunde in Drabenderh\u00f6he ein. Immer am Loope-Bach entlang kamen wir fast bis zu Agger, bevor uns der lange Aufstieg zum Heckberg erwartete. Gl\u00fccklicherweise f\u00fchrte der Weg meist durch dichten Wald. Am Heckberg erwartete uns eine tolle Aussicht \u00fcber fast den gesamten Rhein-Sieg-Kreis. Im Restaurant Wald-Eck in Verr gab es dann nach 14 km die verdiente Belohnung. Die restlichen 2 km bis zum Auto waren dann schon nicht mehr der Rede wert\u2026<\/td>\n<\/tr>\n<tr>\n<td><\/td>\n<\/tr>\n<tr>\n<td>\n<hr noshade=\"noshade\" \/>\n<\/td>\n<\/tr>\n<tr>\n<td><span style=\"font-size: small;\"><b>Wanderwochenende im Hunsr\u00fcck vom 23. \u2013 25.05.2014<\/b><\/span><br \/>\nDas Wanderwochenende 2014 f\u00fchrte uns in den Hunsr\u00fcck, nach Idar-Oberstein. Im Diamant-Hotel Handelshof waren wir gut und preiswert untergebracht. Die beiden Abendessen waren \u00fcbrigens hervorragend.<br \/>\nBereits am Freitagmittag ging es auf die erste Wanderung, den \u201eNahe-Felsen-Steig\u201c. Der ist zwar nur 9,4 km lang, hatte aber knackige Steigungen von insgesamt 560 m H\u00f6he, teils mit Seilsicherung. Ausgehend von Idar-Oberstein ging es zun\u00e4chst hoch zur Felsenkirche, dann an 2 Burgruinen vorbei und im weiten Rechtsbogen durch den Hunsr\u00fcck. Traumhafte Ausblicke ergaben sich bei dieser H\u00f6hentour quasi von selbst.<br \/>\nAm n\u00e4chsten Morgen machten wir uns auf nach Katzenloch und stiegen hier in den \u201eK\u00f6hlerpfad am Steinbachsee\u201c ein. Die Wegstrecke war mit 13,3 km schon deutlich l\u00e4nger, aber weniger bergig. So ging es einmal um den Steinbachsee herum. Auf halber Strecke erwartete uns in Langweiler eine kleine Pizzeria. Nach dem ersten Schreck (12 unangemeldete G\u00e4ste &#8211; die einzigen an diesem Samstagmittag) griff der Wirt zum Telefon, trommelte sein Team zusammen und in kurzer Zeit hatten wir alle etwas Leckeres auf dem Teller. Reichhaltig und sehr, sehr preiswert.<br \/>\nAm Sonntag ging es dann auf die letzte Tour: Kurze Fahrt nach Herrstein, das wundersch\u00f6ne, mittelalterliche St\u00e4dtchen durchquert, das Verlies des Schinderhannes von au\u00dfen begutachtet, und schon ging es auf den \u201eMittelalterpfad\u201c. Dieser Premium-Wanderweg bietet alles, was ein guter Wanderweg haben muss: Meist naturbelassene Wege, Wechsel von Feld und Wald und wundersch\u00f6ne Ausblicke. Sogar eine \u201eJammereiche\u201c (ein Naturdenkmal) war da, wurde aber nicht weiter genutzt\u2026<br \/>\nDen Abschluss bildete nach 8,8 km ein rustikales Mittagessen in der Zehntscheune zu Herrstein. Sehr zu empfehlen.<\/td>\n<\/tr>\n<tr>\n<td>\n<table id=\"table29\" border=\"0\" width=\"100%\">\n<tbody>\n<tr>\n<td><img loading=\"lazy\" decoding=\"async\" src=\"http:\/\/psv-siegburg.de\/img\/wandern\/2014\/mai2014-1.png\" alt=\"\" width=\"240\" height=\"135\" border=\"0\" \/><\/td>\n<td><img loading=\"lazy\" decoding=\"async\" src=\"http:\/\/psv-siegburg.de\/img\/wandern\/2014\/mai2014-2.png\" alt=\"\" width=\"240\" height=\"134\" border=\"0\" \/><\/td>\n<\/tr>\n<tr>\n<td><img loading=\"lazy\" decoding=\"async\" src=\"http:\/\/psv-siegburg.de\/img\/wandern\/2014\/mai2014-3.png\" alt=\"\" width=\"240\" height=\"132\" border=\"0\" \/><\/td>\n<td><img loading=\"lazy\" decoding=\"async\" src=\"http:\/\/psv-siegburg.de\/img\/wandern\/2014\/mai2014-4.png\" alt=\"\" width=\"240\" height=\"134\" border=\"0\" \/><\/td>\n<\/tr>\n<\/tbody>\n<\/table>\n<\/td>\n<\/tr>\n<tr>\n<td>\n<hr noshade=\"noshade\" \/>\n<\/td>\n<\/tr>\n<tr>\n<td><span style=\"font-size: small;\"><b>Wanderung am 13.04.2014 auf dem Bergbauweg nahe Hoffnungsthal<\/b><\/span><br \/>\nNur 15 Autominuten vom K\u00f6lner Dom entfernt erwartet man nicht unbedingt einen F\u00f6rderturm, Reste einer r\u00f6mischen Erzgrube und ein Gew\u00e4sser mit Namen Ammerland. Der (leicht erweiterte) Bergbauweg bewies uns das Gegenteil. Nach dem Start am Bahnhof Hoffnungsthal begleiteten wir ein gutes St\u00fcck den Lauf der Agger, bevor wir die ersten H\u00f6hen des Bergischen Landes erklommen.<br \/>\nNachdem wir den Bergbauweg erreicht hatten, wurde uns immer wieder die historische Dimension des Bergbaus rund um den \u201eL\u00fcderich\u201c bewusst gemacht. \u00dcber 2000 Jahre lang, bis Anfang der 70er Jahre, wurde hier gesch\u00fcrft und teilweise auch verh\u00fcttet. Nachdem wir im Bleifelder Hof gut gespeist hatten, ging es wieder in die Bergbaugeschichte. Mitten im Wald standen wir pl\u00f6tzlich vor einem alten F\u00f6rderturm. Nach 16,2 km kamen wir schlie\u00dflich wieder zum Bahnhof und damit zur\u00fcck in die Gegenwart.<\/td>\n<\/tr>\n<tr>\n<td>\n<table id=\"table30\" border=\"0\" width=\"100%\">\n<tbody>\n<tr>\n<td><img loading=\"lazy\" decoding=\"async\" src=\"http:\/\/psv-siegburg.de\/img\/wandern\/2014\/apr2014-1.png\" alt=\"\" width=\"240\" height=\"135\" border=\"0\" \/><\/td>\n<td><img loading=\"lazy\" decoding=\"async\" src=\"http:\/\/psv-siegburg.de\/img\/wandern\/2014\/apr2014-2.png\" alt=\"\" width=\"240\" height=\"135\" border=\"0\" \/><\/td>\n<\/tr>\n<\/tbody>\n<\/table>\n<\/td>\n<\/tr>\n<tr>\n<td>\n<hr noshade=\"noshade\" \/>\n<\/td>\n<\/tr>\n<tr>\n<td><span style=\"font-size: small;\"><b>Wanderung am 23.03.2014 zwischen Herkenrath und D\u00fcrscheid<\/b><\/span><br \/>\nDer Weg f\u00fchrte uns von Herkenrath zun\u00e4chst \u00fcber die H\u00f6hen des Bergischen Landes. Dank guter Fernsicht konnten wir uns immer wieder am Anblick des Siebengebirges und des K\u00f6lner Doms erfreuen. Nach einem heftigen Anstieg hatten wir uns nach 12,8 km im Eikamper Hof eine ausgiebige Rast verdient. Auch hier wurden wir wieder bestens bewirtet. Weiter ging es dann zur Quelle der Strunde, die hier m\u00e4chtig als Karst-Quelle\u201c aus dem Boden sprudelt. Vorbei am mittelalterlichen Herrenstrunden f\u00fchrte uns ein letzter Anstieg zur\u00fcck nach Herkenrath. Nach insgesamt 18,3 km hatten wir unser Ziel erreicht.<\/td>\n<\/tr>\n<tr>\n<td>\n<table id=\"table31\" border=\"0\" width=\"100%\">\n<tbody>\n<tr>\n<td>\n<p align=\"center\"><img loading=\"lazy\" decoding=\"async\" src=\"http:\/\/psv-siegburg.de\/img\/wandern\/2014\/mar2014-1.png\" alt=\"\" width=\"240\" height=\"134\" border=\"0\" \/><\/p>\n<\/td>\n<td><\/td>\n<\/tr>\n<\/tbody>\n<\/table>\n<\/td>\n<\/tr>\n<tr>\n<td>\n<hr noshade=\"noshade\" \/>\n<\/td>\n<\/tr>\n<tr>\n<td><span style=\"font-size: small;\"><b>Wanderung am 23.02.2014<\/b><\/span><br \/>\nWarum in die Ferne schweifen\u2026? Aus diesem Grund haben wir uns an diesem Sonntag ein Ziel vorgenommen, welches die meisten h\u00e4tten zu Fu\u00df erreichen k\u00f6nnen. Ein Ziel was allerdings die Wenigsten schon einmal ausgiebig durchwandert haben. Das wollten wir jetzt nachholen. Nachdem das milit\u00e4rische Sperrgebiet weitgehend beseitigt worden ist, sind hier wahre Refugien f\u00fcr Flora und Fauna entstanden. Und so manches verwunschene Fleckchen Erde wurde aus einem fast 200-j\u00e4hrigen Dornr\u00f6schenschlaf im milit\u00e4rischen Sperrgebiet erweckt.<br \/>\nVom Aggerstadion ging es, vorbei am Leyenweiher, Quarzsteinsee und Kronenweiher in leichtem Anstieg auf die H\u00f6he der Wahner Heide. Durch Heide und Niederwald gelangten wir an den \u201eHinterausgang\u201c des Flughafengel\u00e4ndes, f\u00fcr viele wahrscheinlich eine ganz neue Perspektive.<br \/>\nWir querten die Trasse einer ehemaligen Feldbahn aus Kaiser\u00b4s Zeiten und gelangten zu einem bemerkenswerten Ort. Dem \u201eTongrubenteich\u201c. Hier wurde von 1968 \u2013 1982 in gro\u00dfem Ma\u00dfe Ton abgebaut, ein Niedermoor dabei zerst\u00f6rt. Anschlie\u00dfend wurde die Grube mit Bauschutt verf\u00fcllt. Auch nicht die feine Art. Seitdem aber wird die Natur weitgehend sich selbst \u00fcberlassen. Mit gro\u00dfem Erfolg.<br \/>\nWeiter ging es nordw\u00e4rts bis kurz vor R\u00f6srath. In weitem Bogen schwenkten wir auf Altenrath ein, konnten eine \u201e1000-j\u00e4hrige Eiche\u201c bestaunen (die alte Dame tr\u00e4gt nat\u00fcrlich ein Korsett!) und erreichten nach etwa 11 km den Gasthof J\u00e4gerhof in Altenrath.<br \/>\nDie letzten 5 km f\u00fchrten uns weitgehend durch Hochwald, an einem sch\u00f6nen Aussichtspunkt vorbei, zur\u00fcck zum Parkplatz. Mit etwa 150 m Gesamtanstieg hatten wir diesmal eine Flachetappe.<\/td>\n<\/tr>\n<tr>\n<td>\n<p align=\"center\"><img loading=\"lazy\" decoding=\"async\" src=\"http:\/\/psv-siegburg.de\/img\/wandern\/2014\/feb2014-1.png\" alt=\"\" width=\"240\" height=\"134\" border=\"0\" \/><\/p>\n<\/td>\n<\/tr>\n<tr>\n<td>\n<hr noshade=\"noshade\" \/>\n<\/td>\n<\/tr>\n<tr>\n<td><span style=\"font-size: small;\"><b>Wanderung am 19.01.2014<\/b><\/span><br \/>\nZum Auftakt der Wandersaison 2014 haben wir erstmals den Oberbergischen Kreis besucht. Von Drabenderh\u00f6he ging es bei bester Fernsicht nach Wiehl, wo wir vom Bismarckturm eine sch\u00f6ne Aussicht auf den Ort hatten. Bei strahlender Wintersonne wanderten wir weiter nach Bielstein, wo wir einkehrten. Bei der R\u00fcckkehr nach Drabenderh\u00f6he hatten wir mehr als 18 km bew\u00e4ltigt. Nicht schlecht f\u00fcr den Anfang\u2026<\/td>\n<\/tr>\n<tr>\n<td>\n<p align=\"center\"><img loading=\"lazy\" decoding=\"async\" src=\"http:\/\/psv-siegburg.de\/img\/wandern\/2014\/jan2014-1.png\" alt=\"\" width=\"240\" height=\"292\" border=\"0\" \/><\/p>\n<\/td>\n<\/tr>\n<tr>\n<td><\/td>\n<\/tr>\n<\/tbody>\n<\/table>\n<p>&nbsp;<\/p>\n","protected":false},"excerpt":{"rendered":"<p>Wanderungen 2014 Tourenberichte Wanderung am 16.11.2014 ins Kasbachtal Nun ist es doch einmal passiert. Nachdem wir schon dachten, bei unseren Wanderungen die Sonne gepachtet zu haben, war an diesem Tag viel Regen angesagt. Trotz der \u201eschaurigen\u201c Aussichten trafen sich 12 Wanderfreundinnen und Wanderfreunde am Linzer Bahnhof. Zum Aufw\u00e4rmen ging es zun\u00e4chst ein St\u00fcck rheinaufw\u00e4rts und &hellip; <a href=\"http:\/\/psv-siegburg.de\/blog\/wanderungen-2014\/\" class=\"more-link\"><span class=\"screen-reader-text\">Wanderungen 2014<\/span> weiterlesen <span class=\"meta-nav\">&rarr;<\/span><\/a><\/p>\n","protected":false},"author":1,"featured_media":0,"parent":0,"menu_order":0,"comment_status":"closed","ping_status":"closed","template":"","meta":{"footnotes":""},"class_list":["post-130","page","type-page","status-publish","hentry"],"_links":{"self":[{"href":"http:\/\/psv-siegburg.de\/blog\/wp-json\/wp\/v2\/pages\/130"}],"collection":[{"href":"http:\/\/psv-siegburg.de\/blog\/wp-json\/wp\/v2\/pages"}],"about":[{"href":"http:\/\/psv-siegburg.de\/blog\/wp-json\/wp\/v2\/types\/page"}],"author":[{"embeddable":true,"href":"http:\/\/psv-siegburg.de\/blog\/wp-json\/wp\/v2\/users\/1"}],"replies":[{"embeddable":true,"href":"http:\/\/psv-siegburg.de\/blog\/wp-json\/wp\/v2\/comments?post=130"}],"version-history":[{"count":1,"href":"http:\/\/psv-siegburg.de\/blog\/wp-json\/wp\/v2\/pages\/130\/revisions"}],"predecessor-version":[{"id":131,"href":"http:\/\/psv-siegburg.de\/blog\/wp-json\/wp\/v2\/pages\/130\/revisions\/131"}],"wp:attachment":[{"href":"http:\/\/psv-siegburg.de\/blog\/wp-json\/wp\/v2\/media?parent=130"}],"curies":[{"name":"wp","href":"https:\/\/api.w.org\/{rel}","templated":true}]}}