{"id":2,"date":"2024-01-09T09:25:13","date_gmt":"2024-01-09T08:25:13","guid":{"rendered":"http:\/\/psv-siegburg.de\/blog\/?page_id=2"},"modified":"2026-01-21T10:44:06","modified_gmt":"2026-01-21T09:44:06","slug":"beispiel-seite","status":"publish","type":"page","link":"http:\/\/psv-siegburg.de\/blog\/","title":{"rendered":"Startseite"},"content":{"rendered":"\r\n<p class=\"has-text-align-center\"><strong>\u00dcBER UNSEREN VEREIN:<\/strong><\/p>\r\n\r\n<p><a href=\"http:\/\/psv-siegburg.de\/blog\/wp-content\/uploads\/2025\/12\/Slogan-fuer-Webseite-scaled.jpg\" data-rel=\"lightbox-image-0\" data-rl_title=\"\" data-rl_caption=\"\" title=\"\"><img loading=\"lazy\" decoding=\"async\" class=\"size-medium wp-image-2452 aligncenter\" src=\"http:\/\/psv-siegburg.de\/blog\/wp-content\/uploads\/2025\/12\/Slogan-fuer-Webseite-300x142.jpg\" alt=\"\" width=\"300\" height=\"142\" srcset=\"http:\/\/psv-siegburg.de\/blog\/wp-content\/uploads\/2025\/12\/Slogan-fuer-Webseite-300x142.jpg 300w, http:\/\/psv-siegburg.de\/blog\/wp-content\/uploads\/2025\/12\/Slogan-fuer-Webseite-1024x484.jpg 1024w, http:\/\/psv-siegburg.de\/blog\/wp-content\/uploads\/2025\/12\/Slogan-fuer-Webseite-768x363.jpg 768w, http:\/\/psv-siegburg.de\/blog\/wp-content\/uploads\/2025\/12\/Slogan-fuer-Webseite-1536x726.jpg 1536w, http:\/\/psv-siegburg.de\/blog\/wp-content\/uploads\/2025\/12\/Slogan-fuer-Webseite-2048x968.jpg 2048w\" sizes=\"(max-width: 300px) 100vw, 300px\" \/><\/a><\/p>\r\n\r\n<p class=\"has-text-align-left\"><strong>Herzlich willkommen beim Polizei-Sport-Verein Siegburg 1976 e.V.<\/strong><\/p>\r\n\r\n\r\n\r\n<p><span dir=\"ltr\" role=\"presentation\">Der Polizei-Sport-Verein Siegburg 1976 e.V. (PSV) bietet <\/span><span dir=\"ltr\" role=\"presentation\">regionale und \u00fcberregionale sportliche Aktivit\u00e4ten f\u00fcr jede <\/span><span dir=\"ltr\" role=\"presentation\">Altersklasse. Wer auf der Suche nach einem geeigneten <\/span><span dir=\"ltr\" role=\"presentation\">sportlichen Ausgleich oder speziellen Training im Polizei<\/span><span dir=\"ltr\" role=\"presentation\">dienst ist, ist herzlich eingeladen, unsere Angebote<\/span> <span dir=\"ltr\" role=\"presentation\">kostenlos zu testen. <\/span><\/p>\r\n\r\n<p><span dir=\"ltr\" role=\"presentation\">\u00dcber unser <strong>Schnupperangebot (zweimalige unverbindliche Trainingsteilnahme)<\/strong> hat jeder Interessent die Gelegenheit, unter qualifizierter Anleitung die Sportarten und jeweiligen Sportgruppen des PSV kennenzulernen. <\/span><\/p>\r\n\r\n<div id=\"marquee\" class=\"marquee\">Das Jahresprogramm 2026 ist online!<\/div>\r\n<p><style>\r\n\t.marquee {\r\n\t\tmax-width: 100vw; \/* iOS braucht das *\/\r\n\t\twhite-space: nowrap;\r\n\t\toverflow: hidden;\r\n\t\t\/* hier evtl. noch font-size, color usw. *\/\r\n\t}\r\n\r\n\t.marquee span {\r\n\t\tdisplay: inline-block;\r\n\t\tpadding-left: 105%; \/* die zus\u00e4tzlichen 5% erzeugen einen verz\u00f6gerten Start und vermeiden so ein Ruckeln auf langsamen Seiten *\/\r\n\t\tanimation: marquee 10s linear infinite;\r\n\t}\r\n\r\n\t\/* Optional: mouseover (oder Tipp auf dem Touchscreen) pausiert die Laufschrift *\/\r\n\t.marquee span:hover {\r\n\t\tanimation-play-state: paused; \r\n        cursor: pointer;\r\n\t}\r\n\r\n\t\/* Make it move *\/\r\n\t@keyframes marquee {\r\n\t    0%   {transform: translate3d(0,0,0);}\r\n\t    100% {transform: translate3d(-100%,0,0);}\r\n\t}\r\n<\/style> <style>\r\n  .marquee {\r\n    \/* F\u00fcge hier die Stile f\u00fcr das marquee-Element hinzu *\/\r\n  }\r\n\r\n  .marquee span a {\r\n    text-decoration: none; \/* Entfernt die Standardunterstreichung von Links *\/\r\n    color: inherit; \/* Erbt die Farbe vom umgebenden Text *\/\r\n  }\r\n\r\n  .marquee span:hover {\r\n    animation-play-state: paused;\r\n    cursor: pointer; \/* \u00c4ndert den Mauszeiger, um anzuzeigen, dass es anklickbar ist *\/\r\n  }\r\n<\/style><\/p>\r\n<div class=\"marquee\"><!-- F\u00fcge hier den Link und den Linktext ein --> <a href=\"https:\/\/psv-siegburg.de\/blog\/unser-sportliches-angebot-im-jahr-2026\/\"> +++ F\u00fcr n\u00e4here Informationen hier klicken +++ <\/a><\/div>\r\n<p><\/p>\r\n<p>&nbsp;<\/p>\r\n<p><span dir=\"ltr\" role=\"presentation\">Als Betriebssportgemeinschaft steht die <\/span><span dir=\"ltr\" role=\"presentation\">Spielberechtigung f\u00fcr einen anderen <\/span><span dir=\"ltr\" role=\"presentation\">Verein einer Spielberechtigung f\u00fcr <\/span><span dir=\"ltr\" role=\"presentation\">den PSV nicht entgegen. <\/span><\/p>\r\n\r\n\r\n\r\n<p><span dir=\"ltr\" role=\"presentation\">Wir haben uns zum Ziel gesetzt, weiterhin ein wertvolles Bindeglied zwischen Polizei und B\u00fcrger darzustell<\/span>en.<\/p>\r\n\r\n\r\n\r\n<p><a href=\"http:\/\/psv-siegburg.de\/blog\/wp-content\/uploads\/2025\/04\/250217-final_Flyer_Polizei-Sport_Verein_Digital_2025.pdf\" target=\"_blank\" rel=\"noopener\">Flyer des PSV-Siegburg<\/a><\/p>\r\n","protected":false},"excerpt":{"rendered":"<p>\u00dcBER UNSEREN VEREIN: Herzlich willkommen beim Polizei-Sport-Verein Siegburg 1976 e.V. Der Polizei-Sport-Verein Siegburg 1976 e.V. (PSV) bietet regionale und \u00fcberregionale sportliche Aktivit\u00e4ten f\u00fcr jede Altersklasse. Wer auf der Suche nach einem geeigneten sportlichen Ausgleich oder speziellen Training im Polizeidienst ist, ist herzlich eingeladen, unsere Angebote kostenlos zu testen. \u00dcber unser Schnupperangebot (zweimalige unverbindliche Trainingsteilnahme) hat &hellip; <a href=\"http:\/\/psv-siegburg.de\/blog\/\" class=\"more-link\"><span class=\"screen-reader-text\">Startseite<\/span> weiterlesen <span class=\"meta-nav\">&rarr;<\/span><\/a><\/p>\n","protected":false},"author":1,"featured_media":0,"parent":0,"menu_order":0,"comment_status":"closed","ping_status":"closed","template":"","meta":{"footnotes":""},"class_list":["post-2","page","type-page","status-publish","hentry"],"_links":{"self":[{"href":"http:\/\/psv-siegburg.de\/blog\/wp-json\/wp\/v2\/pages\/2"}],"collection":[{"href":"http:\/\/psv-siegburg.de\/blog\/wp-json\/wp\/v2\/pages"}],"about":[{"href":"http:\/\/psv-siegburg.de\/blog\/wp-json\/wp\/v2\/types\/page"}],"author":[{"embeddable":true,"href":"http:\/\/psv-siegburg.de\/blog\/wp-json\/wp\/v2\/users\/1"}],"replies":[{"embeddable":true,"href":"http:\/\/psv-siegburg.de\/blog\/wp-json\/wp\/v2\/comments?post=2"}],"version-history":[{"count":120,"href":"http:\/\/psv-siegburg.de\/blog\/wp-json\/wp\/v2\/pages\/2\/revisions"}],"predecessor-version":[{"id":2562,"href":"http:\/\/psv-siegburg.de\/blog\/wp-json\/wp\/v2\/pages\/2\/revisions\/2562"}],"wp:attachment":[{"href":"http:\/\/psv-siegburg.de\/blog\/wp-json\/wp\/v2\/media?parent=2"}],"curies":[{"name":"wp","href":"https:\/\/api.w.org\/{rel}","templated":true}]}}