{"id":1766,"date":"2023-12-03T19:08:17","date_gmt":"2023-12-03T18:08:17","guid":{"rendered":"https:\/\/psv-siegburg.de\/blog\/?page_id=1766"},"modified":"2026-01-26T19:07:05","modified_gmt":"2026-01-26T18:07:05","slug":"wandergruppe-2","status":"publish","type":"page","link":"https:\/\/psv-siegburg.de\/blog\/wandern\/wandergruppe-2\/","title":{"rendered":"Wandergruppe 2"},"content":{"rendered":"<div class=\"wp-block-image\">\r\n<figure class=\"alignleft size-large is-resized\"><a href=\"https:\/\/psv-siegburg.de\/blog\/wp-content\/uploads\/2023\/12\/Brigitte-Shaffii-scaled.jpg\" data-rel=\"lightbox-image-0\" data-rl_title=\"\" data-rl_caption=\"\" title=\"\"><img loading=\"lazy\" decoding=\"async\" class=\"wp-image-1767\" src=\"https:\/\/psv-siegburg.de\/blog\/wp-content\/uploads\/2023\/12\/Brigitte-Shaffii-824x1024.jpg\" alt=\"\" width=\"254\" height=\"316\" srcset=\"https:\/\/psv-siegburg.de\/blog\/wp-content\/uploads\/2023\/12\/Brigitte-Shaffii-824x1024.jpg 824w, https:\/\/psv-siegburg.de\/blog\/wp-content\/uploads\/2023\/12\/Brigitte-Shaffii-241x300.jpg 241w, https:\/\/psv-siegburg.de\/blog\/wp-content\/uploads\/2023\/12\/Brigitte-Shaffii-768x955.jpg 768w, https:\/\/psv-siegburg.de\/blog\/wp-content\/uploads\/2023\/12\/Brigitte-Shaffii-1236x1536.jpg 1236w, https:\/\/psv-siegburg.de\/blog\/wp-content\/uploads\/2023\/12\/Brigitte-Shaffii-1648x2048.jpg 1648w\" sizes=\"(max-width: 254px) 100vw, 254px\" \/><\/a><\/figure><\/div>\r\n\r\n\r\n<p>Am 02.11.2019 fand mit 15 Teilnehmerinnen und Teilnehmern die erste Wanderung statt \u201ef\u00fcr Alle, die es etwas gem\u00fctlicher angehen lassen wollen\u201c. Es finden einmal monatlich -jeweils samstags- gef\u00fchrte Wanderungen in die n\u00e4here Umgebung mit einer Streckenl\u00e4nge von 10 &#8211; 12 km statt. Auch wir kehren, wenn m\u00f6glich, zum Schluss in eine Gastst\u00e4tte ein, um die Wanderung gem\u00fctlich ausklingen zu lassen.<br \/>Wenige Tage vor jedem Termin erfolgt per E-Mail die Information an alle Interessenten \u00fcber Treffpunkt und Uhrzeit und eine kurze Wanderbeschreibung. Es sind unten stehende Wandertermine geplant.<\/p>\r\n\r\n\r\n\r\n<figure class=\"wp-block-table\">\r\n<table>\r\n<tbody>\r\n<tr>\r\n<td>Tageswanderung<\/td>\r\n<td>Samstag<\/td>\r\n<td>21.02.2026<\/td>\r\n<\/tr>\r\n<tr>\r\n<td>Tageswanderung<\/td>\r\n<td>Samstag<\/td>\r\n<td>21.03.2026<\/td>\r\n<\/tr>\r\n<tr>\r\n<td>Tageswanderung<\/td>\r\n<td>Samstag<\/td>\r\n<td>11.04.2026<\/td>\r\n<\/tr>\r\n<tr>\r\n<td>Tageswanderung<\/td>\r\n<td>Samstag<\/td>\r\n<td>09.05.2026<\/td>\r\n<\/tr>\r\n<tr>\r\n<td>Tageswanderung<\/td>\r\n<td>Samstag<\/td>\r\n<td>06.06.2026<\/td>\r\n<\/tr>\r\n<tr>\r\n<td>Tageswanderung<\/td>\r\n<td>Samstag<\/td>\r\n<td>04.07.2026<\/td>\r\n<\/tr>\r\n<tr>\r\n<td>Tageswanderung<\/td>\r\n<td>Samstag<\/td>\r\n<td>01.08.2026<\/td>\r\n<\/tr>\r\n<tr>\r\n<td>Tageswanderung<\/td>\r\n<td>Samstag<\/td>\r\n<td>29.08.2026<\/td>\r\n<\/tr>\r\n<tr>\r\n<td>Tageswanderung<\/td>\r\n<td>Samstag<\/td>\r\n<td>03.10.2026<\/td>\r\n<\/tr>\r\n<tr>\r\n<td>Tageswanderung<\/td>\r\n<td>Samstag<\/td>\r\n<td>31.10.2026<\/td>\r\n<\/tr>\r\n<tr>\r\n<td>Tageswanderung<\/td>\r\n<td>Samstag<\/td>\r\n<td>05.12.2026<\/td>\r\n<\/tr>\r\n<\/tbody>\r\n<\/table>\r\n<\/figure>\r\n\r\n<p>&nbsp;<\/p>","protected":false},"excerpt":{"rendered":"<p>Am 02.11.2019 fand mit 15 Teilnehmerinnen und Teilnehmern die erste Wanderung statt \u201ef\u00fcr Alle, die es etwas gem\u00fctlicher angehen lassen wollen\u201c. Es finden einmal monatlich -jeweils samstags- gef\u00fchrte Wanderungen in die n\u00e4here Umgebung mit einer Streckenl\u00e4nge von 10 &#8211; 12 km statt. Auch wir kehren, wenn m\u00f6glich, zum Schluss in eine Gastst\u00e4tte ein, um die &hellip; <a href=\"https:\/\/psv-siegburg.de\/blog\/wandern\/wandergruppe-2\/\" class=\"more-link\"><span class=\"screen-reader-text\">Wandergruppe 2<\/span> weiterlesen <span class=\"meta-nav\">&rarr;<\/span><\/a><\/p>\n","protected":false},"author":1,"featured_media":0,"parent":47,"menu_order":0,"comment_status":"closed","ping_status":"closed","template":"","meta":{"footnotes":""},"class_list":["post-1766","page","type-page","status-publish","hentry"],"_links":{"self":[{"href":"https:\/\/psv-siegburg.de\/blog\/wp-json\/wp\/v2\/pages\/1766"}],"collection":[{"href":"https:\/\/psv-siegburg.de\/blog\/wp-json\/wp\/v2\/pages"}],"about":[{"href":"https:\/\/psv-siegburg.de\/blog\/wp-json\/wp\/v2\/types\/page"}],"author":[{"embeddable":true,"href":"https:\/\/psv-siegburg.de\/blog\/wp-json\/wp\/v2\/users\/1"}],"replies":[{"embeddable":true,"href":"https:\/\/psv-siegburg.de\/blog\/wp-json\/wp\/v2\/comments?post=1766"}],"version-history":[{"count":23,"href":"https:\/\/psv-siegburg.de\/blog\/wp-json\/wp\/v2\/pages\/1766\/revisions"}],"predecessor-version":[{"id":2564,"href":"https:\/\/psv-siegburg.de\/blog\/wp-json\/wp\/v2\/pages\/1766\/revisions\/2564"}],"up":[{"embeddable":true,"href":"https:\/\/psv-siegburg.de\/blog\/wp-json\/wp\/v2\/pages\/47"}],"wp:attachment":[{"href":"https:\/\/psv-siegburg.de\/blog\/wp-json\/wp\/v2\/media?parent=1766"}],"curies":[{"name":"wp","href":"https:\/\/api.w.org\/{rel}","templated":true}]}}