{"id":1769,"date":"2023-12-03T19:33:14","date_gmt":"2023-12-03T18:33:14","guid":{"rendered":"https:\/\/psv-siegburg.de\/blog\/?page_id=1769"},"modified":"2023-12-04T09:26:20","modified_gmt":"2023-12-04T08:26:20","slug":"wandergruppe-3","status":"publish","type":"page","link":"https:\/\/psv-siegburg.de\/blog\/wandergruppe-3\/","title":{"rendered":"Wandergruppe 3"},"content":{"rendered":"<div class=\"wp-block-image\">\n<figure class=\"alignleft size-large is-resized\"><a href=\"https:\/\/psv-siegburg.de\/blog\/wp-content\/uploads\/2023\/12\/Herbert-Weiss-scaled.jpg\" data-rel=\"lightbox-image-0\" data-rl_title=\"\" data-rl_caption=\"\" title=\"\"><img loading=\"lazy\" decoding=\"async\" src=\"https:\/\/psv-siegburg.de\/blog\/wp-content\/uploads\/2023\/12\/Herbert-Weiss-867x1024.jpg\" alt=\"\" class=\"wp-image-1770\" width=\"245\" height=\"289\" srcset=\"https:\/\/psv-siegburg.de\/blog\/wp-content\/uploads\/2023\/12\/Herbert-Weiss-867x1024.jpg 867w, https:\/\/psv-siegburg.de\/blog\/wp-content\/uploads\/2023\/12\/Herbert-Weiss-254x300.jpg 254w, https:\/\/psv-siegburg.de\/blog\/wp-content\/uploads\/2023\/12\/Herbert-Weiss-768x907.jpg 768w, https:\/\/psv-siegburg.de\/blog\/wp-content\/uploads\/2023\/12\/Herbert-Weiss-1300x1536.jpg 1300w, https:\/\/psv-siegburg.de\/blog\/wp-content\/uploads\/2023\/12\/Herbert-Weiss-1734x2048.jpg 1734w\" sizes=\"(max-width: 245px) 100vw, 245px\" \/><\/a><\/figure><\/div>\n\n\n<p>Die \u201eehemaligen Fu\u00dfballer des PSV\u201c treffen sich einmal w\u00f6chentlich, am Mittwoch oder Donnerstag, zu gemeinschaftlichen Wanderungen im Umkreis von 150 km. Strecken gehen \u00fcber 12 &#8211; 17 km. Dabei sind 100 &#8211; 800 H\u00f6henmeter zu bew\u00e4ltigen.<\/p>\n\n\n\n<p>An- und Abfahrt erfolgen umweltfreundlich in Fahrgemeinschaft und auch das Mittagessen wird gemeinsam eingenommen.<\/p>\n\n\n\n<p>Einmal im Jahr wird ein 4-t\u00e4giger Wander-Ausflug durchgef\u00fchrt. Die Gruppe ist zurzeit ausreichend besetzt, Neuaufnahmen sind zur Zeit nicht m\u00f6glich<\/p>\n","protected":false},"excerpt":{"rendered":"<p>Die \u201eehemaligen Fu\u00dfballer des PSV\u201c treffen sich einmal w\u00f6chentlich, am Mittwoch oder Donnerstag, zu gemeinschaftlichen Wanderungen im Umkreis von 150 km. Strecken gehen \u00fcber 12 &#8211; 17 km. Dabei sind 100 &#8211; 800 H\u00f6henmeter zu bew\u00e4ltigen. An- und Abfahrt erfolgen umweltfreundlich in Fahrgemeinschaft und auch das Mittagessen wird gemeinsam eingenommen. Einmal im Jahr wird ein &hellip; <a href=\"https:\/\/psv-siegburg.de\/blog\/wandergruppe-3\/\" class=\"more-link\"><span class=\"screen-reader-text\">Wandergruppe 3<\/span> weiterlesen <span class=\"meta-nav\">&rarr;<\/span><\/a><\/p>\n","protected":false},"author":1,"featured_media":0,"parent":0,"menu_order":0,"comment_status":"closed","ping_status":"closed","template":"","meta":{"footnotes":""},"class_list":["post-1769","page","type-page","status-publish","hentry"],"_links":{"self":[{"href":"https:\/\/psv-siegburg.de\/blog\/wp-json\/wp\/v2\/pages\/1769"}],"collection":[{"href":"https:\/\/psv-siegburg.de\/blog\/wp-json\/wp\/v2\/pages"}],"about":[{"href":"https:\/\/psv-siegburg.de\/blog\/wp-json\/wp\/v2\/types\/page"}],"author":[{"embeddable":true,"href":"https:\/\/psv-siegburg.de\/blog\/wp-json\/wp\/v2\/users\/1"}],"replies":[{"embeddable":true,"href":"https:\/\/psv-siegburg.de\/blog\/wp-json\/wp\/v2\/comments?post=1769"}],"version-history":[{"count":4,"href":"https:\/\/psv-siegburg.de\/blog\/wp-json\/wp\/v2\/pages\/1769\/revisions"}],"predecessor-version":[{"id":1824,"href":"https:\/\/psv-siegburg.de\/blog\/wp-json\/wp\/v2\/pages\/1769\/revisions\/1824"}],"wp:attachment":[{"href":"https:\/\/psv-siegburg.de\/blog\/wp-json\/wp\/v2\/media?parent=1769"}],"curies":[{"name":"wp","href":"https:\/\/api.w.org\/{rel}","templated":true}]}}