{"id":1939,"date":"2024-02-19T03:27:39","date_gmt":"2024-02-19T02:27:39","guid":{"rendered":"https:\/\/psv-siegburg.de\/blog\/?page_id=1939"},"modified":"2024-12-06T15:01:26","modified_gmt":"2024-12-06T14:01:26","slug":"stressreduktion-und-entspannung-durch-wandern","status":"publish","type":"page","link":"https:\/\/psv-siegburg.de\/blog\/stressreduktion-und-entspannung-durch-wandern\/","title":{"rendered":"Fortsetzung des Kursangebots beim Polizei-Sport-Verein Siegburg 1976 e.V."},"content":{"rendered":"\r\n<figure class=\"wp-block-table\">\r\n<table>\r\n<tbody>\r\n<tr>\r\n<td class=\"has-text-align-center\" data-align=\"center\"><span style=\"color: #ff0000;\"><strong>Der Kurs endete am 04.10.2024.<br \/>Ein neuer Kurs beginnt Ende M\u00e4rz 2025 <\/strong><\/span><br \/><span style=\"color: #ff0000;\"><strong>Interessenten k\u00f6nnen sich schon gerne melden<br \/>und sich einen der 8 Teilnehmerpl\u00e4tze sichern.<\/strong><\/span><\/td>\r\n<\/tr>\r\n<\/tbody>\r\n<\/table>\r\n<\/figure>\r\n\r\n\r\n\r\n<p class=\"has-medium-font-size\"><strong>Entspannung und Stressreduktion durch Wandern \u2013 auch f\u00fcr Anf\u00e4nger<\/strong><\/p>\r\n\r\n\r\n\r\n<p class=\"has-medium-font-size\">Kursbeginn: M\u00e4rz 2025 &#8211; genauer Termin folgt<\/p>\r\n\r\n\r\n\r\n<p>Im digitalen Zeitalter ist Stress ein wachsendes Problem. Die Welt- gesundheitsorganisation (WHO) bezeichnet Stress als \u201eeines der gr\u00f6\u00dften Gesundheitsrisiken des 21. Jahrhunderts\u201c. Kommt dann auch noch fehlende Bewegung hinzu, kann sich dies schnell lebensbedrohlich entwickeln.<\/p>\r\n\r\n\r\n\r\n<p>Wandern ist ein hervorragendes Mittel, seinen K\u00f6rper in jedem Alter wieder in Schwung zu bringen. Nicht umsonst ist die Wanderabteilung die mitgliederst\u00e4rkste Abteilung im PSV.<\/p>\r\n\r\n\r\n\r\n<p>Wandern kann aber auch die Basis f\u00fcr ein umfassendes Programm zur Entspannung und Stressreduktion bilden.<\/p>\r\n\r\n\r\n\r\n<p>Der Deutsche Alpenverein (DAV) hat das 12-w\u00f6chige Programm \u201eStressreduktion und Entspannung durch Wandern\u201c konzipiert. Hier lernen die Teilnehmer*innen, einen gesundheitsf\u00f6rdernden und naturverbundenen Lebensstil mit Hilfe des Wanderns zu entwickeln und im Alltag zu integrieren<a>. <\/a>So kann auch die Stressbelastung gesenkt werden, um m\u00f6glichst lange ein aktives und gesundes Leben zu f\u00fchren.<\/p>\r\n\r\n\r\n\r\n<p>Der PSV Siegburg wird dieses Programm k\u00fcnftig in eigener Verantwortung umsetzen.<\/p>\r\n\r\n\r\n\r\n<p>Der Kurs besteht aus 5 Tages-Wanderungen von jeweils 4 \u2013 10 Stunden Dauer, sowie 8 Trainingseinheiten von jeweils 90 Minuten. Im Fokus aller Trainingseinheiten stehen die Reduzierung von Stress-Symptomen, die F\u00f6rderung von Entspannung und die St\u00e4rkung physischer und psychischer Ressourcen.<\/p>\r\n\r\n\r\n\r\n<figure class=\"wp-block-image size-large\"><a href=\"https:\/\/psv-siegburg.de\/blog\/wp-content\/uploads\/2024\/02\/Alpenpano.jpg\" data-rel=\"lightbox-image-0\" data-rl_title=\"\" data-rl_caption=\"\" title=\"\"><img loading=\"lazy\" decoding=\"async\" width=\"1024\" height=\"768\" class=\"wp-image-1940\" src=\"https:\/\/psv-siegburg.de\/blog\/wp-content\/uploads\/2024\/02\/Alpenpano-1024x768.jpg\" alt=\"\" srcset=\"https:\/\/psv-siegburg.de\/blog\/wp-content\/uploads\/2024\/02\/Alpenpano-1024x768.jpg 1024w, https:\/\/psv-siegburg.de\/blog\/wp-content\/uploads\/2024\/02\/Alpenpano-300x225.jpg 300w, https:\/\/psv-siegburg.de\/blog\/wp-content\/uploads\/2024\/02\/Alpenpano-768x576.jpg 768w, https:\/\/psv-siegburg.de\/blog\/wp-content\/uploads\/2024\/02\/Alpenpano.jpg 1182w\" sizes=\"(max-width: 1024px) 100vw, 1024px\" \/><\/a><\/figure>\r\n\r\n\r\n\r\n<p>Die Zielgruppe f\u00fcr das Programm sind Erwachsene ab 18 Jahre mit Stressbelastung, die an Bewegung und Sport interessiert sind.<\/p>\r\n\r\n\r\n\r\n<p>Das Programm richtet sich besonders an Menschen, die lange keinen Sport mehr betrieben haben. Tempo und Intensit\u00e4t der Wanderungen orientieren sich an diesem Personenkreis.<\/p>\r\n\r\n\r\n\r\n<p>F\u00fcr Menschen mit akut behandlungsbed\u00fcrftigen psychischen und physischen Erkrankungen ist der Kurs ungeeignet.<\/p>\r\n\r\n\r\n\r\n<p>Vor dem 2. Training <b><u>muss<\/u><\/b> durch einen Arzt die allgemeine Sporttauglichkeit festgestellt werden. Die Bescheinigung verbleibt beim \u00dcbungsleiter, der sie entsprechend der Datenschutzbestimmungen sicher f\u00fcr 3 Jahre verwahrt. Weiterhin erhalten die Teilnehmer den Vordruck f\u00fcr ein \u201eRezept f\u00fcr Bewegung\u201c, welches vom Arzt ausgef\u00fcllt werden kann (<a href=\"http:\/\/psv-siegburg.de\/blog\/wp-content\/uploads\/2024\/02\/Rezept-fuer-Bewegung.pdf\">s. Anlage in neuem Tab<\/a>). Auch dieses verbleibt beim \u00dcbungsleiter f\u00fcr 3 Jahre.<\/p>\r\n\r\n\r\n\r\n<p>Die Kursleitung \u00fcbernehmen DOSB-\u00dcbungsleiter*innen -B- \u201eSport in der Pr\u00e4vention\u201c. Voraussetzung ist weiterhin, dass der \u00dcbungsleiter auch als \u00dcbungsleiter -C- \u201eBergwandern\u201c qualifiziert ist.<\/p>\r\n\r\n\r\n\r\n<p>Hans-Peter Sperber, langj\u00e4hriger Wanderf\u00fchrer beim PSV Siegburg, hat in den letzten Jahren als einer von bisher 35 \u00dcbungsleitern in Deutschland die erforderlichen Qualifizierungen erworben (<a href=\"http:\/\/psv-siegburg.de\/blog\/wp-content\/uploads\/2024\/02\/240119-Sperber_DOSB-Lizenz.pdf\" target=\"_blank\" rel=\"noreferrer noopener\">s. <\/a><a href=\"http:\/\/psv-siegburg.de\/blog\/wp-content\/uploads\/2024\/02\/240119-Sperber_DOSB-Lizenz.pdf\" target=\"_blank\" rel=\"noreferrer noopener\" data-type=\"URL\" data-id=\"http:\/\/psv-siegburg.de\/blog\/wp-content\/uploads\/2024\/02\/240119-Sperber_DOSB-Lizenz.pdf\">A<\/a><a href=\"http:\/\/psv-siegburg.de\/blog\/wp-content\/uploads\/2024\/02\/Sperber_Zertifikate.pdf\">nlage<\/a><a href=\"http:\/\/psv-siegburg.de\/blog\/wp-content\/uploads\/2024\/02\/240119-Sperber_DOSB-Lizenz.pdf\" target=\"_blank\" rel=\"noreferrer noopener\"> in neuem Tab<\/a>) und beginnt am 16.03.2024 mit dem Kursprogramm im Rhein-Sieg-Kreis.<\/p>\r\n\r\n\r\n\r\n<p>Das Angebot des PSV Siegburg wurde vom Deutschen Olympischen Sportbund (DOSB) gepr\u00fcft und im Rahmen des Qualit\u00e4tssiegels \u201eSport pro Gesundheit\u201c zertifiziert (<a href=\"http:\/\/psv-siegburg.de\/blog\/wp-content\/uploads\/2024\/02\/240215-Zertifizierung-PSV_Entspannung-und-Stressreduktion-durch-Bergwandern-Wandern-60161-1.pdf\">s. Anlage in neuem Tab<\/a>).<\/p>\r\n\r\n\r\n\r\n<p>Nach dem erfolgreichen Auftakt dieses Kursprogramms im Fr\u00fchjahr 2024 beginnt im M\u00e4rz 2015 der n\u00e4chste Kurs. Die Kurszeiten werden so gew\u00e4hlt, dass auch Berufst\u00e4tige die M\u00f6glichkeit zur Teilnahme haben. <strong>Genaue Termine mit Uhrzeiten folgen in K\u00fcrze!<\/strong><\/p>\r\n\r\n\r\n\r\n\r\n<p>Damit eine individuelle Betreuung der Teilnehmenden gew\u00e4hrleistet werden kann, ist die Gruppengr\u00f6\u00dfe auf maximal acht Personen begrenzt. Die Mindestteilnehmerzahl betr\u00e4gt 6 Personen.<\/p>\r\n\r\n\r\n\r\n<p>Die Kursgeb\u00fchr betr\u00e4gt 150,- \u20ac.<\/p>\r\n\r\n\r\n\r\n<p>Sie ist vor dem Kursbegin auf folgendes Konto einzuzahlen:<\/p>\r\n\r\n\r\n\r\n<p>Bankverbindung: Sparda Bank West eG,<\/p>\r\n\r\n\r\n\r\n<p>BIC: GENODED1SPK<\/p>\r\n\r\n\r\n\r\n<p>IBAN: DE16370605900004590015<\/p>\r\n\r\n\r\n\r\n<p>Konto-Inhaber: Polizei-Sport-Verein Siegburg 1976 e.V.<\/p>\r\n\r\n\r\n\r\n<p>Stichwort: Stressreduktion<\/p>\r\n\r\n\r\n\r\n<p>Wer lieber erst einmal unverbindlich zum \u201eSchnuppertraining kommen m\u00f6chte, kann dies gerne tun. \r\n\r\n\r\n\r\n<p>Aber: Bei mehr als 8 Anmeldungen entscheidet das Datum des Zahlungseingangs.<\/p>\r\n\r\n\r\n\r\n<p>Aufgrund der o.g. DOSB-Zertifizierung k\u00f6nnen die Krankenkassen einen Zuschuss bezahlen. Ein Info-Blatt f\u00fcr die Gesundheitsversorger kann hier eingesehen werden (<a href=\"http:\/\/psv-siegburg.de\/blog\/wp-content\/uploads\/2024\/02\/Infoblatt-fu\u0308r-Gesundheitsversorger.pdf\">s. Anlage in neuem Tab<\/a>)<\/p>\r\n\r\n\r\n\r\n<p>Nach Kursende wird eine Teilnahmebest\u00e4tigung ausgeh\u00e4ndigt.<\/p>\r\n\r\n\r\n\r\n<p>F\u00fcr Fragen stehe ich gerne zur Verf\u00fcgung:<\/p>\r\n\r\n\r\n\r\n<ul class=\"wp-block-list\">\r\n<li>per Telefon: 01511-1801300<\/li>\r\n<li>per E-Mail: hps5@gmx.de<\/li>\r\n<\/ul>\r\n\r\n\r\n\r\n<p>Hans-Peter Sperber<\/p>\r\n\r\n\r\n\r\n<p class=\"has-medium-font-size\"><strong>Zwischenbericht zum Kursprogramm Entspannung und Stressreduktion durch Wandern <\/strong><\/p>\r\n\r\n\r\n\r\n<p>Am 16.03.2024 hat ein 4-st\u00fcndiger Schnupperkurs f\u00fcr das neue Kursprogramm stattgefunden. Leider hat sich eine Interessentin kurz vorher die Kniescheibe gebrochen. Aber immerhin 7 Personen wollten einmal ausprobieren, was in dem Kurs denn so alles geboten wird.<\/p>\r\n\r\n\r\n\r\n<p>\u00dcber fast 10 Kilometer, \u00fcber umgest\u00fcrzte B\u00e4ume hinweg oder unten durch, ging es auf wundersch\u00f6nen Wegen und Pfaden durch die W\u00e4lder zwischen Winterscheid und B\u00f6dingen. Wir bestaunten unter anderem die Reste einer Kelten-Burg und ein sch\u00f6nes, bunt bemaltes Wegekreuz.<\/p>\r\n\r\n\r\n\r\n<figure class=\"wp-block-image aligncenter size-full is-resized\"><a href=\"https:\/\/psv-siegburg.de\/blog\/wp-content\/uploads\/2024\/04\/Bild-1-Wandern-mit-allen-Sinnen.jpg\" data-rel=\"lightbox-image-1\" data-rl_title=\"\" data-rl_caption=\"\" title=\"\"><img loading=\"lazy\" decoding=\"async\" class=\"wp-image-2014\" src=\"https:\/\/psv-siegburg.de\/blog\/wp-content\/uploads\/2024\/04\/Bild-1-Wandern-mit-allen-Sinnen.jpg\" alt=\"\" width=\"626\" height=\"470\" srcset=\"https:\/\/psv-siegburg.de\/blog\/wp-content\/uploads\/2024\/04\/Bild-1-Wandern-mit-allen-Sinnen.jpg 834w, https:\/\/psv-siegburg.de\/blog\/wp-content\/uploads\/2024\/04\/Bild-1-Wandern-mit-allen-Sinnen-300x225.jpg 300w, https:\/\/psv-siegburg.de\/blog\/wp-content\/uploads\/2024\/04\/Bild-1-Wandern-mit-allen-Sinnen-768x576.jpg 768w\" sizes=\"(max-width: 626px) 100vw, 626px\" \/><\/a>\r\n<figcaption>Wandern mit allen Sinnen (Foto: Sperber)<\/figcaption>\r\n<\/figure>\r\n\r\n\r\n\r\n<p>Vor allem aber lernte die Gruppe etwas \u00fcber ihren K\u00f6rper, \u00fcber verschiedene Atemtechniken, \u00fcber Achtsamkeit und Entspannung.<\/p>\r\n\r\n\r\n\r\n<figure class=\"wp-block-image aligncenter size-full is-resized\"><a href=\"https:\/\/psv-siegburg.de\/blog\/wp-content\/uploads\/2024\/04\/Bild-2-Entspannungs-und-Atmungsu\u0308bung-in-der-Wahner-Heide.jpg\" data-rel=\"lightbox-image-2\" data-rl_title=\"\" data-rl_caption=\"\" title=\"\"><img loading=\"lazy\" decoding=\"async\" class=\"wp-image-2015\" src=\"https:\/\/psv-siegburg.de\/blog\/wp-content\/uploads\/2024\/04\/Bild-2-Entspannungs-und-Atmungsu\u0308bung-in-der-Wahner-Heide.jpg\" alt=\"\" width=\"619\" height=\"467\" srcset=\"https:\/\/psv-siegburg.de\/blog\/wp-content\/uploads\/2024\/04\/Bild-2-Entspannungs-und-Atmungsu\u0308bung-in-der-Wahner-Heide.jpg 825w, https:\/\/psv-siegburg.de\/blog\/wp-content\/uploads\/2024\/04\/Bild-2-Entspannungs-und-Atmungsu\u0308bung-in-der-Wahner-Heide-300x227.jpg 300w, https:\/\/psv-siegburg.de\/blog\/wp-content\/uploads\/2024\/04\/Bild-2-Entspannungs-und-Atmungsu\u0308bung-in-der-Wahner-Heide-768x580.jpg 768w\" sizes=\"(max-width: 619px) 100vw, 619px\" \/><\/a>\r\n<figcaption>Entspannungs- und Atmungs\u00fcbung in der Wahner Heide (Foto: Sperber)<\/figcaption>\r\n<\/figure>\r\n\r\n\r\n\r\n<p>Das war f\u00fcr den einen oder anderen schon ein wenig ungewohnt, aber alle lie\u00dfen sich darauf ein. Und sie fanden Gefallen daran und buchten den 12-w\u00f6chigen Kurs.<\/p>\r\n\r\n\r\n\r\n<p>Am 21. und 28.03.2024 fanden kurze Wanderungen rund um Blankenberg, sowie in der Wahner Heide statt. Hier wurden weitere \u00dcbungen vorgestellt.<\/p>\r\n\r\n\r\n\r\n<p>Am 06.04. findet eine Wanderung \u00fcber 6 Stunden an der Ahr statt. Hier wird dann auch wieder ausgiebig ge\u00fcbt: Entspannung, Achtsamkeit, Autogenes Training, Motorik, Gleichgewicht und vieles mehr\u2026<\/p>\r\n\r\n\r\n\r\n<p>Schon im Juni soll ein neuer Kurs beginnen. Es sind schon 3 Teilnehmer vorgemerkt. \u00a0Bei Interesse bitte ich um R\u00fcckmeldung.<\/p>\r\n\r\n\r\n\r\n<p>Hans-Peter Sperber<\/p>\r\n\r\n\r\n\r\n<p>Mobil: 01511-1801300<\/p>\r\n\r\n\r\n\r\n<p style=\"font-size: 30px;\"><strong>Neues Kursprogramm beim Polizei-Sport-Verein Siegburg 1976 e.V.<\/strong><\/p>\r\n\r\n\r\n\r\n<p class=\"has-medium-font-size\"><strong>Entspannung und Stressreduktion durch Wandern \u2013 auch f\u00fcr Anf\u00e4nger<\/strong><\/p>\r\n\r\n\r\n\r\n<p>Im digitalen Zeitalter ist Stress ein wachsendes Problem. Die Welt- gesundheitsorganisation (WHO) bezeichnet Stress als \u201eeines der gr\u00f6\u00dften Gesundheitsrisiken des 21. Jahrhunderts\u201c. Kommt dann auch noch fehlende Bewegung hinzu, kann sich dies schnell lebensbedrohlich entwickeln.<\/p>\r\n\r\n\r\n\r\n<p>Wandern ist ein hervorragendes Mittel, seinen K\u00f6rper in jedem Alter wieder in Schwung zu bringen. Nicht umsonst ist die Wanderabteilung die mitgliederst\u00e4rkste Abteilung im PSV.<\/p>\r\n\r\n\r\n\r\n<p>Wandern kann aber auch die Basis f\u00fcr ein umfassendes Programm zur Entspannung und Stressreduktion bilden.<\/p>\r\n\r\n\r\n\r\n<p>Der Deutsche Alpenverein (DAV) hatdas 12-w\u00f6chige Programm \u201eStressreduktion und Entspannung durch Wandern\u201c konzipiert. <a>H<\/a>ier lernen die Teilnehmer*innen, einen gesundheitsf\u00f6rdernden und naturverbundenen Lebensstil mit Hilfe des Wanderns zu entwickeln und im Alltag zu integrieren<a>. <\/a>So kann auch die Stressbelastung gesenkt werden, um m\u00f6glichst lange ein aktives und gesundes Leben zu f\u00fchren.<\/p>\r\n\r\n\r\n\r\n<p>Der PSV Siegburg wird dieses Programm k\u00fcnftig in eigener Ver- antwortung umsetzen.<\/p>\r\n\r\n\r\n\r\n<p>Der Kurs besteht aus 5 Tages-Wanderungen von jeweils 4 \u2013 10 Stunden Dauer, sowie 8 Trainingseinheiten von jeweils 90 Minuten. Im Fokus aller Trainingseinheiten stehen die Reduzierung von Stress-Symptomen, die F\u00f6rderung von Entspannung und die St\u00e4rkung physischer und psychischer Ressourcen.<\/p>\r\n\r\n\r\n\r\n<figure class=\"wp-block-image size-large\"><a href=\"https:\/\/psv-siegburg.de\/blog\/wp-content\/uploads\/2024\/02\/Alpenpano.jpg\" data-rel=\"lightbox-image-0\" data-rl_title=\"\" data-rl_caption=\"\" title=\"\"><img loading=\"lazy\" decoding=\"async\" width=\"1024\" height=\"768\" class=\"wp-image-1940\" src=\"https:\/\/psv-siegburg.de\/blog\/wp-content\/uploads\/2024\/02\/Alpenpano-1024x768.jpg\" alt=\"\" srcset=\"https:\/\/psv-siegburg.de\/blog\/wp-content\/uploads\/2024\/02\/Alpenpano-1024x768.jpg 1024w, https:\/\/psv-siegburg.de\/blog\/wp-content\/uploads\/2024\/02\/Alpenpano-300x225.jpg 300w, https:\/\/psv-siegburg.de\/blog\/wp-content\/uploads\/2024\/02\/Alpenpano-768x576.jpg 768w, https:\/\/psv-siegburg.de\/blog\/wp-content\/uploads\/2024\/02\/Alpenpano.jpg 1182w\" sizes=\"(max-width: 1024px) 100vw, 1024px\" \/><\/a><\/figure>\r\n\r\n\r\n\r\n<p>Die Zielgruppe f\u00fcr das Programm sind Erwachsene ab 18 Jahre mit Stressbelastung, die an Bewegung und Sport interessiert sind.<\/p>\r\n\r\n\r\n\r\n<p>Das Programm richtet sich besonders an Menschen, die lange keinen Sport mehr betrieben haben. Tempo und Intensit\u00e4t der Wanderungen orientieren sich an diesem Personenkreis.<\/p>\r\n\r\n\r\n\r\n<p>Vor dem 2. Training <b><u>muss<\/u><\/b> durch einen Arzt die allgemeine Sporttauglichkeit festgestellt werden. Die Bescheinigung verbleibt beim \u00dcbungsleiter, der sie entsprechend der Datenschutzbestimmungen sicher f\u00fcr 3 Jahre verwahrt. Weiterhin erhalten die Teilnehmer den Vordruck f\u00fcr ein \u201eRezept f\u00fcr Bewegung\u201c, welches vom Arzt ausgef\u00fcllt werden kann (<a href=\"http:\/\/psv-siegburg.de\/blog\/wp-content\/uploads\/2024\/02\/Rezept-fuer-Bewegung.pdf\">s. Anlage in neuem Tab<\/a>). Auch dieses verbleibt beim \u00dcbungsleiter f\u00fcr 3 Jahre.<\/p>\r\n\r\n\r\n\r\n<p>Die Kursleitung \u00fcbernehmen DOSB-\u00dcbungsleiter*innen -B- \u201eSport in der Pr\u00e4vention\u201c. Voraussetzung ist weiterhin, dass der \u00dcbungsleiter auch als \u00dcbungsleiter -C- \u201eBergwandern\u201c qualifiziert ist.<\/p>\r\n\r\n\r\n\r\n<p>Hans-Peter Sperber, langj\u00e4hriger Wanderf\u00fchrer beim PSV Siegburg, hat in den letzten Jahren als einer von bisher 35 \u00dcbungsleitern in Deutschland die erforderlichen Qualifizierungen erworben (<a href=\"http:\/\/psv-siegburg.de\/blog\/wp-content\/uploads\/2024\/02\/240119-Sperber_DOSB-Lizenz.pdf\" target=\"_blank\" rel=\"noreferrer noopener\">s. <\/a><a href=\"http:\/\/psv-siegburg.de\/blog\/wp-content\/uploads\/2024\/02\/240119-Sperber_DOSB-Lizenz.pdf\" target=\"_blank\" rel=\"noreferrer noopener\" data-type=\"URL\" data-id=\"http:\/\/psv-siegburg.de\/blog\/wp-content\/uploads\/2024\/02\/240119-Sperber_DOSB-Lizenz.pdf\">A<\/a><a href=\"http:\/\/psv-siegburg.de\/blog\/wp-content\/uploads\/2024\/02\/Sperber_Zertifikate.pdf\">nlage<\/a><a href=\"http:\/\/psv-siegburg.de\/blog\/wp-content\/uploads\/2024\/02\/240119-Sperber_DOSB-Lizenz.pdf\" target=\"_blank\" rel=\"noreferrer noopener\"> in neuem Tab<\/a>) und beginnt am 16.03.2024 mit dem Kursprogramm im Rhein-Sieg-Kreis.<\/p>\r\n\r\n\r\n\r\n<p>Das Angebot des PSV Siegburg wurde vom Deutschen Olympischen Sportbund (DOSB) gepr\u00fcft und im Rahmen des Qualit\u00e4tssiegels \u201eSport pro Gesundheit\u201c zertifiziert (<a href=\"http:\/\/psv-siegburg.de\/blog\/wp-content\/uploads\/2024\/02\/240215-Zertifizierung-PSV_Entspannung-und-Stressreduktion-durch-Bergwandern-Wandern-60161-1.pdf\">s. Anlage in neuem Tab<\/a>).<\/p>\r\n\r\n\r\n\r\n<p>Die Kurszeiten wurden so gew\u00e4hlt, dass auch viele Berufst\u00e4tige die M\u00f6glichkeit zur Teilnahme haben:<\/p>\r\n\r\n\r\n\r\n<figure class=\"wp-block-table is-style-stripes\">\r\n<table class=\"has-fixed-layout\">\r\n<tbody>\r\n<tr>\r\n<td><strong>Tag<\/strong><\/td>\r\n<td><strong>Datum<\/strong><\/td>\r\n<td><strong>Beginn<\/strong><\/td>\r\n<td><strong>Dauer (incl. \u00dc<\/strong><strong>bungen und <\/strong><strong>Pausen)<\/strong><\/td>\r\n<\/tr>\r\n<tr>\r\n<td>Samstag<\/td>\r\n<td>16.03.2024<\/td>\r\n<td>09:00 Uhr<\/td>\r\n<td>4 Stunden<\/td>\r\n<\/tr>\r\n<tr>\r\n<td>Donnerstag<\/td>\r\n<td>21.03.2024<\/td>\r\n<td>17:00 Uhr<\/td>\r\n<td>1,5 Stunden<\/td>\r\n<\/tr>\r\n<tr>\r\n<td>Donnerstag<\/td>\r\n<td>28.03.2024<\/td>\r\n<td>17:00 Uhr<\/td>\r\n<td>1,5 Stunden<\/td>\r\n<\/tr>\r\n<tr>\r\n<td>Samstag<\/td>\r\n<td>06.04.2024<\/td>\r\n<td>09:00 Uhr<\/td>\r\n<td>6 Stunden<\/td>\r\n<\/tr>\r\n<tr>\r\n<td>Donnerstag<\/td>\r\n<td>11.04.2024<\/td>\r\n<td>17:00 Uhr<\/td>\r\n<td>1,5 Stunden<\/td>\r\n<\/tr>\r\n<tr>\r\n<td>Samstag<\/td>\r\n<td>20.04.2024<\/td>\r\n<td>09:00 Uhr<\/td>\r\n<td>8 Stunden<\/td>\r\n<\/tr>\r\n<tr>\r\n<td>Donnerstag<\/td>\r\n<td>25.04.2024<\/td>\r\n<td>17:00 Uhr<\/td>\r\n<td>1,5 Stunden<\/td>\r\n<\/tr>\r\n<tr>\r\n<td>Donnerstag<\/td>\r\n<td>02.05.2024<\/td>\r\n<td>17:00 Uhr<\/td>\r\n<td>1,5 Stunden<\/td>\r\n<\/tr>\r\n<tr>\r\n<td>Mittwoch<\/td>\r\n<td>08.05.2024<\/td>\r\n<td>17:00 Uhr<\/td>\r\n<td>1,5 Stunden<\/td>\r\n<\/tr>\r\n<tr>\r\n<td>Samstag<\/td>\r\n<td>18.05.2024<\/td>\r\n<td>09:00 Uhr<\/td>\r\n<td>8 Stunden<\/td>\r\n<\/tr>\r\n<tr>\r\n<td>Donnerstag<\/td>\r\n<td>23.05.2024<\/td>\r\n<td>17:00 Uhr<\/td>\r\n<td>1,5 Stunden<\/td>\r\n<\/tr>\r\n<tr>\r\n<td>Mittwoch<\/td>\r\n<td>29.05.2024<\/td>\r\n<td>17:00 Uhr<\/td>\r\n<td>1,5 Stunden<\/td>\r\n<\/tr>\r\n<tr>\r\n<td>Donnerstag<\/td>\r\n<td>06.06.2024<\/td>\r\n<td>17:00 Uhr<\/td>\r\n<td>1,5 Stunden<\/td>\r\n<\/tr>\r\n<tr>\r\n<td>Samstag<\/td>\r\n<td>15.06.2024<\/td>\r\n<td>09:00 Uhr<\/td>\r\n<td>10 Stunden<\/td>\r\n<\/tr>\r\n<tr>\r\n<td>\u00a0<\/td>\r\n<td>\u00a0<\/td>\r\n<td>\u00a0<\/td>\r\n<td><strong>49,5 Stunden<\/strong><\/td>\r\n<\/tr>\r\n<\/tbody>\r\n<\/table>\r\n<\/figure>\r\n\r\n\r\n\r\n<p>Damit eine individuelle Betreuung der Teilnehmenden gew\u00e4hrleistet werden kann, ist die Gruppengr\u00f6\u00dfe auf maximal acht Personen begrenzt. Die Mindestteilnehmerzahl betr\u00e4gt 6 Personen.<\/p>\r\n\r\n\r\n\r\n<p>Die Kursgeb\u00fchr betr\u00e4gt 150,- \u20ac.<\/p>\r\n\r\n\r\n\r\n<p>Sie ist bis zum 10.03.2024 auf folgendes Konto einzuzahlen:<\/p>\r\n\r\n\r\n\r\n<p>Bankverbindung: Sparda Bank West eG,<\/p>\r\n\r\n\r\n\r\n<p>BIC: GENODED1SPK<\/p>\r\n\r\n\r\n\r\n<p>IBAN: DE16370605900004590015<\/p>\r\n\r\n\r\n\r\n<p>Konto-Inhaber: Polizei-Sport-Verein Siegburg 1976 e.V.<\/p>\r\n\r\n\r\n\r\n<p>Stichwort: Stressreduktion<\/p>\r\n\r\n\r\n\r\n<p>Wer lieber erst einmal am 16.03.2024 unverbindlich zum \u201eSchnuppertraining kommen m\u00f6chte, kann dies gerne tun. In diesem Fall bitte ich aber bis zum 10.03.2024 um eine Mitteilung.<\/p>\r\n\r\n\r\n\r\n<p>Aber: Bei mehr als 8 Anmeldungen entscheidet das Datum des Zahlungseingangs.<\/p>\r\n\r\n\r\n\r\n<p>Aufgrund der o.g. DOSB-Zertifizierung k\u00f6nnen die Krankenkassen einen Zuschuss bezahlen. Ein Info-Blatt f\u00fcr die Gesundheitsversorger kann hier eingesehen werden (<a href=\"http:\/\/psv-siegburg.de\/blog\/wp-content\/uploads\/2024\/02\/Infoblatt-fu\u0308r-Gesundheitsversorger.pdf\">s. Anlage in neuem Tab<\/a>)<\/p>\r\n\r\n\r\n\r\n<p>Nach Kursende wird eine Teilnahmebest\u00e4tigung ausgeh\u00e4ndigt.<\/p>\r\n\r\n\r\n\r\n<p>F\u00fcr Fragen stehe ich gerne zur Verf\u00fcgung:<\/p>\r\n\r\n\r\n\r\n<ul class=\"wp-block-list\">\r\n<li>per Telefon: 01511-1801300<\/li>\r\n<li>per E-Mail: hps5@gmx.de<\/li>\r\n<\/ul>\r\n\r\n\r\n\r\n<p>Hans-Peter Sperber<\/p>\r\n","protected":false},"excerpt":{"rendered":"<p>Der Kurs endete am 04.10.2024.Ein neuer Kurs beginnt Ende M\u00e4rz 2025 Interessenten k\u00f6nnen sich schon gerne meldenund sich einen der 8 Teilnehmerpl\u00e4tze sichern. Entspannung und Stressreduktion durch Wandern \u2013 auch f\u00fcr Anf\u00e4nger Kursbeginn: M\u00e4rz 2025 &#8211; genauer Termin folgt Im digitalen Zeitalter ist Stress ein wachsendes Problem. Die Welt- gesundheitsorganisation (WHO) bezeichnet Stress als \u201eeines &hellip; <a href=\"https:\/\/psv-siegburg.de\/blog\/stressreduktion-und-entspannung-durch-wandern\/\" class=\"more-link\"><span class=\"screen-reader-text\">Fortsetzung des Kursangebots beim Polizei-Sport-Verein Siegburg 1976 e.V.<\/span> weiterlesen <span class=\"meta-nav\">&rarr;<\/span><\/a><\/p>\n","protected":false},"author":1,"featured_media":0,"parent":0,"menu_order":0,"comment_status":"closed","ping_status":"closed","template":"","meta":{"footnotes":""},"class_list":["post-1939","page","type-page","status-publish","hentry"],"_links":{"self":[{"href":"https:\/\/psv-siegburg.de\/blog\/wp-json\/wp\/v2\/pages\/1939"}],"collection":[{"href":"https:\/\/psv-siegburg.de\/blog\/wp-json\/wp\/v2\/pages"}],"about":[{"href":"https:\/\/psv-siegburg.de\/blog\/wp-json\/wp\/v2\/types\/page"}],"author":[{"embeddable":true,"href":"https:\/\/psv-siegburg.de\/blog\/wp-json\/wp\/v2\/users\/1"}],"replies":[{"embeddable":true,"href":"https:\/\/psv-siegburg.de\/blog\/wp-json\/wp\/v2\/comments?post=1939"}],"version-history":[{"count":26,"href":"https:\/\/psv-siegburg.de\/blog\/wp-json\/wp\/v2\/pages\/1939\/revisions"}],"predecessor-version":[{"id":2240,"href":"https:\/\/psv-siegburg.de\/blog\/wp-json\/wp\/v2\/pages\/1939\/revisions\/2240"}],"wp:attachment":[{"href":"https:\/\/psv-siegburg.de\/blog\/wp-json\/wp\/v2\/media?parent=1939"}],"curies":[{"name":"wp","href":"https:\/\/api.w.org\/{rel}","templated":true}]}}