{"id":2247,"date":"2025-08-17T13:33:45","date_gmt":"2025-08-17T11:33:45","guid":{"rendered":"https:\/\/psv-siegburg.de\/blog\/?page_id=2247"},"modified":"2025-08-18T08:15:06","modified_gmt":"2025-08-18T06:15:06","slug":"praeventionskonzept-kinder-und-jugendschutz","status":"publish","type":"page","link":"https:\/\/psv-siegburg.de\/blog\/praeventionskonzept-kinder-und-jugendschutz\/","title":{"rendered":"Jugendschutz"},"content":{"rendered":"<div id=\"pl-2247\" class=\"panel-layout\">\n<div id=\"pg-2247-0\" class=\"panel-grid panel-no-style\">\n<div id=\"pgc-2247-0-0\" class=\"panel-grid-cell\" data-weight=\"1\">\n<div id=\"panel-2247-0-0-0\" class=\"so-panel widget widget_sow-editor panel-first-child panel-last-child\" data-index=\"0\">\n<div class=\"so-widget-sow-editor so-widget-sow-editor-base\">\n<div class=\"siteorigin-widget-tinymce textwidget\">\n<h3>Pr\u00e4ventionskonzept Kinder- und Jugendschutz im Polizei-Sport-Verein Siegburg 1976 e.V. gem\u00e4\u00df Vorstandsbeschluss vom 06.08.2025<\/h3>\n<p>Stand: 06.08.2025<\/p>\n<p><strong>Pr\u00e4ambel:<\/strong><\/p>\n<p>Der PSV Siegburg m\u00f6chte durch dieses Konzept nicht nur f\u00fcr die Thematik sensibilisieren, sondern dar\u00fcber hinaus Hilfestellungen anbieten, um sich klar nach au\u00dfen hin zu positionieren und zu zeigen, \u201eWir tun alles, damit T\u00e4ter bei uns keine Chance bekommen. Wir schauen nicht weg! Wir schauen genau hin!\u201c. Wir schaffen eine Kultur der Achtsamkeit.<\/p>\n<p>Neben dem aktiven Opferschutz geht es auch darum, keine Vorverurteilungen gegen Vereinsmitarbeiter wie \u00dcbungsleiter\/-innen und Trainer\/-innen und Helfer\/-innen zu f\u00e4llen, sondern diese ebenso zu sch\u00fctzen, wie die Kinder und Jugendlichen im Verein.<\/p>\n<p><strong>Regelungen im Einzelnen:<\/strong><\/p>\n<p>1.\u00a0\u00a0\u00a0 Der Vorstand benennt als Vereinsverantwortliche(n) f\u00fcr das Thema Kinder- und Jugendschutz mind. eine Ansprechperson. Die Kontaktdaten sind auf der Homepage zu hinterlegen.<\/p>\n<p>2.\u00a0\u00a0\u00a0 Alle Mitarbeitenden im Sport, die mit Kindern und Jugendlichen t\u00e4tig sind, unterzeichnen mit Beginn ihrer T\u00e4tigkeit den Ehrenkodex des Landessportbundes NRW und legen die Erkl\u00e4rung der Abteilungsleitung vor. Die Abteilungsleitung stellt sicher, dass alle diese Mitarbeitenden den Ehrenkodex unterzeichnet haben. Andernfalls ist ihnen die weitere T\u00e4tigkeit zu untersagen. Die Erkl\u00e4rungen sind an die Ansprechperson weiterzuleiten und dort zu archivieren.<\/p>\n<p>3.\u00a0\u00a0\u00a0 Die Ansprechperson l\u00e4dt Mitarbeitende im Sport, die mit Kindern und Jugendlichen t\u00e4tig sind, sowie die zugeh\u00f6rigen Abteilungsleitungen zeitnah sowie bei Bedarf zu einer Versammlung ein, in welcher gemeinsame Verhaltensregeln gegen\u00fcber Kindern und Jugendlichen entwickelt werden sollen. Der Vorschlag wird dem Vorstand vorgelegt, welcher \u00c4nderungen beschlie\u00dfen darf. Die Endfassung ist von jedem Mitarbeiten im Sport, der\/die mit Kindern und Jugendlichen t\u00e4tig ist, zu unterzeichnen. Bei sp\u00e4teren \u00c4nderungen ist auch die neue Fassung zu unterzeichnen.<\/p>\n<p>4.\u00a0\u00a0\u00a0 Alle Personen, welche im Sportverein unmittelbaren Kontakt zu Kindern oder Jugendlichen haben, sind verpflichtet, der Abteilungsleitung oder einer sonstigen, durch den Vorstand beauftragten Person, ein erweitertes F\u00fchrungszeugnis vorzulegen. Dieses darf bei der Vorlage nicht \u00e4lter als 3 Monate sein. Sp\u00e4testens alle 5 Jahre ist ein erneutes erweitertes F\u00fchrungszeugnis vorzulegen. Die Einhaltung der vorgenannten Regelungen ist von der Abteilungsleitung zu \u00fcberwachen. Die Vorlage des F\u00fchrungszeugnisses ist mit Formblatt zu dokumentieren. Falls sich ein Handlungsbedarf des Vereins ergibt, ist dies ebenfalls zu dokumentieren und der Vorstand unverz\u00fcglich zu informieren. Sollten die erweiterten F\u00fchrungszeugnisse nicht rechtzeitig eingehen, ist der Kontakt des\/der Betroffenen mit Kindern und Jugendlichen unverz\u00fcglich zu untersagen. Alle zur Einsichtnahme berechtigten Personen sind auf die Einhaltung der Datenschutzverpflichtungen zu verpflichten.<\/p>\n<p>5.\u00a0\u00a0\u00a0 Der Verein wird die n\u00f6tigen Bescheinigungen erstellen, die es erm\u00f6glichen, das erweiterte F\u00fchrungszeugnis unter Geb\u00fchrenbefreiung zu erhalten.<\/p>\n<p>6.\u00a0\u00a0\u00a0 Die Ansprechperson wird beauftragt, f\u00fcr den Fall eines konkreten Vorfalles Interventionsleitlinien im Krisenfall zu erstellen, welche Verantwortlichkeiten, Entscheidungskompetenzen sowie die Einbindung Dritter enthalten. Hier\u00fcber hat der Vorstand zu beschlie\u00dfen.<\/p>\n<p>7.\u00a0\u00a0\u00a0 Die Ansprechperson wird beauftragt, mit anderen Organisationen und Institutionen, deren Angebote und Leistungen f\u00fcr den Verein sinnvoll und hilfreich sein k\u00f6nnten, Kontakt aufzunehmen, z.B. dem LSB, dem KSB, dem Jugendamt.<\/p>\n<p>8.\u00a0\u00a0\u00a0 Der Verein wird das Thema Kinderschutz wiederholt in die Vereins\u00f6ffentlichkeit kommunizieren.<\/p>\n<p>9.\u00a0\u00a0\u00a0 Verst\u00f6\u00dfe gegen die Verhaltensregeln werden durch den Vorstand untersucht und zur Ahndung gebracht.<\/p>\n<p>Siegburg, den 06.08.2025<\/p>\n<p>gez.<\/p>\n<p>(Andreas M\u00f6ller)\u00a0\u00a0\u00a0\u00a0 (Brigitte Shaffii)\u00a0\u00a0\u00a0\u00a0 (Frank Ennenbach)\u00a0\u00a0\u00a0 (Hans-Peter Sperber)<\/p>\n<\/div>\n<\/div>\n<\/div>\n<\/div>\n<\/div>\n<\/div>\n","protected":false},"excerpt":{"rendered":"<p>Pr\u00e4ventionskonzept Kinder- und Jugendschutz im Polizei-Sport-Verein Siegburg 1976 e.V. gem\u00e4\u00df Vorstandsbeschluss vom 06.08.2025 Stand: 06.08.2025 Pr\u00e4ambel: Der PSV Siegburg m\u00f6chte durch dieses Konzept nicht nur f\u00fcr die Thematik sensibilisieren, sondern dar\u00fcber hinaus Hilfestellungen anbieten, um sich klar nach au\u00dfen hin zu positionieren und zu zeigen, \u201eWir tun alles, damit T\u00e4ter bei uns keine Chance bekommen. &hellip; <a href=\"https:\/\/psv-siegburg.de\/blog\/praeventionskonzept-kinder-und-jugendschutz\/\" class=\"more-link\"><span class=\"screen-reader-text\">Jugendschutz<\/span> weiterlesen <span class=\"meta-nav\">&rarr;<\/span><\/a><\/p>\n","protected":false},"author":1,"featured_media":0,"parent":0,"menu_order":0,"comment_status":"closed","ping_status":"closed","template":"","meta":{"footnotes":""},"class_list":["post-2247","page","type-page","status-publish","hentry"],"_links":{"self":[{"href":"https:\/\/psv-siegburg.de\/blog\/wp-json\/wp\/v2\/pages\/2247"}],"collection":[{"href":"https:\/\/psv-siegburg.de\/blog\/wp-json\/wp\/v2\/pages"}],"about":[{"href":"https:\/\/psv-siegburg.de\/blog\/wp-json\/wp\/v2\/types\/page"}],"author":[{"embeddable":true,"href":"https:\/\/psv-siegburg.de\/blog\/wp-json\/wp\/v2\/users\/1"}],"replies":[{"embeddable":true,"href":"https:\/\/psv-siegburg.de\/blog\/wp-json\/wp\/v2\/comments?post=2247"}],"version-history":[{"count":7,"href":"https:\/\/psv-siegburg.de\/blog\/wp-json\/wp\/v2\/pages\/2247\/revisions"}],"predecessor-version":[{"id":2422,"href":"https:\/\/psv-siegburg.de\/blog\/wp-json\/wp\/v2\/pages\/2247\/revisions\/2422"}],"wp:attachment":[{"href":"https:\/\/psv-siegburg.de\/blog\/wp-json\/wp\/v2\/media?parent=2247"}],"curies":[{"name":"wp","href":"https:\/\/api.w.org\/{rel}","templated":true}]}}