{"id":30,"date":"2024-01-09T09:18:02","date_gmt":"2024-01-09T08:18:02","guid":{"rendered":"http:\/\/psv-siegburg.de\/blog\/?page_id=30"},"modified":"2025-08-18T09:34:12","modified_gmt":"2025-08-18T07:34:12","slug":"vorstand","status":"publish","type":"page","link":"https:\/\/psv-siegburg.de\/blog\/vorstand\/","title":{"rendered":"Vorstand"},"content":{"rendered":"<h1>Der Vorstand\u200b<\/h1>\r\n<p><!-- \/wp:heading --><\/p>\r\n<p><!-- wp:columns --><\/p>\r\n<div class=\"wp-block-columns\"><!-- wp:column {\"width\":\"100%\"} -->\r\n<div class=\"wp-block-column\" style=\"flex-basis: 100%;\"><!-- wp:columns -->\r\n<div class=\"wp-block-columns\"><!-- wp:column {\"width\":\"100%\"} -->\r\n<div class=\"wp-block-column\" style=\"flex-basis: 100%;\"><!-- wp:table {\"className\":\"is-style-regular\",\"fontSize\":\"small\"} -->\r\n<figure class=\"wp-block-table is-style-regular has-small-font-size\">\r\n<table>\r\n<tbody>\r\n<tr>\r\n<td>1. Vorsitzender: <br \/>Andreas M\u00f6ller<br \/>E-Mail: <br \/><a href=\"mailto:vorsitzender@psv-siegburg.de\">vorsitzender@psv-siegburg.de<\/a><\/td>\r\n<td>2. Vorsitzender:<br \/>Frank Ennenbach<br \/>E-Mail:<br \/><a href=\"mailto:vorsitzender@psv-siegburg.de\">vorsitzender@psv-siegburg.de<\/a><\/td>\r\n<\/tr>\r\n<tr>\r\n<td>1. Gesch\u00e4ftsf\u00fchrer:<br \/>Hans-Peter Sperber<br \/>E-Mail: <br \/><a href=\"mailto:geschaeftsfuehrer@psv-siegburg.de\">geschaeftsfuehrer@psv-siegburg.de<\/a><\/td>\r\n<td>2.Gesch\u00e4ftsf\u00fchrerin:<br \/>-aktuell nicht besetzt-\r\n<p>&nbsp;<\/p>\r\n\u00a0<\/td>\r\n<\/tr>\r\n<tr>\r\n<td>1. Kassiererin:<br \/>Brigitte Schaffii<br \/>E-Mail:<br \/><a href=\"mailto:kassierer@psv-siegburg.de\">kassierer@psv-siegburg.de<\/a><\/td>\r\n<td>2. Kassiererin:<br \/>Karola M\u00f6ller<br \/>E-Mail:<br \/><a href=\"mailto:kassierer@psv-siegburg.de\">kassierer@psv-siegburg.de<\/a><\/td>\r\n<\/tr>\r\n<tr>\r\n<td>Abteilungsleiterin Tischtennis:<br \/>Brigitte Schaffii<br \/>E-Mail:<br \/><a href=\"mailto:tischtennis@psv-siegburg.de\">tischtennis@psv-siegburg.de<\/a><\/td>\r\n<td>Stellv. Abteilungsleiter Tischtennis:<br \/>Thomas Kr\u00e4mer<br \/>E-Mail:<br \/><a href=\"mailto:tischtennis@psv-siegburg.de\">tischtennis@psv-siegburg.de<\/a> <br \/>Mobil: 0157-85080095<\/td>\r\n<\/tr>\r\n<tr>\r\n<td>Abteilungsleiterin Badminton<br \/>Karola M\u00f6ller<br \/>E-Mail: <br \/><a href=\"mailto:badminton@psv-siegburg.de\">badminton@psv-siegburg.de<\/a><\/td>\r\n<td>Stellv. Abteilungsleiter Badminton:<br \/>R\u00fcdiger Meichssner<br \/>E-Mail: <br \/><a href=\"mailto:badminton@psv-siegburg.de\">badminton@psv-siegburg.de<\/a> <br \/>Tel.: 02241-3818 12<br \/>Mobil: 0172-5933 710<\/td>\r\n<\/tr>\r\n<tr>\r\n<td>Abteilungsleiter Pr\u00e4vention:<br \/>-aktuell nicht besetzt-\r\n<p>&nbsp;<\/p>\r\n<\/td>\r\n<td>\r\n<p>Stellv. Abteilungsleiterin Pr\u00e4vention:<br \/>Sonja Goede<br \/>Tel. priv.: <a href=\"tel: 0222481342\">02224-813 42<\/a><br \/>Tel. dienstl.: <a href=\"tel: 022425413521\">02242-541 3544<\/a><br \/>E-Mail: <br \/><a href=\"mailto:praevention@psv-siegburg.de\">praevention@psv-siegburg.de<\/a><\/p>\r\n<\/td>\r\n<\/tr>\r\n<tr>\r\n<td>Abteilungsleiter Wandern:<br \/>-aktuell nicht besetzt-<br \/>E-Mail: <br \/><a href=\"mailto:wandern@psv-siegburg.de\">wandern@psv-siegburg.de<\/a><\/td>\r\n<td>\r\n<p>&nbsp;<\/p>\r\n<\/td>\r\n<\/tr>\r\n<tr>\r\n<td>Fachwart \u00d6ffentlichkeitsarbeit:<br \/>Hans-Dieter Peine<br \/>E-Mail: <br \/><a href=\"mailto:oeffentlichkeitsarbeit@psv-siegburg.de \">oeffentlichkeitsarbeit@psv-siegburg.de <\/a><br \/>Tel. mobil: 0176-47501590<\/td>\r\n<td>Fachwart Internet:<br \/>Michael Dierks<br \/>E-Mail:<br \/><a href=\"mailto:webmaster@psv-siegburg.de \">webmaster@psv-siegburg.de <\/a> <br \/>Tel. mobil: 0152-3196 9311<\/td>\r\n<\/tr>\r\n<tr>\r\n<td>Beisitzerin:<br \/>-aktuell nicht besetzt-\r\n<p>&nbsp;<\/p>\r\n<\/td>\r\n<td>Beisitzer:<br \/>Wilfried Hupperich<br \/>E-Mail:<br \/><a href=\"mailto:whupperich@netcologne.de \">whupperich@netcologne.de<\/a> <br \/>Tel. : 02241-61718<br \/>Tel. mobil: 0177-8888 105<\/td>\r\n<\/tr>\r\n<\/tbody>\r\n<\/table>\r\n<\/figure>\r\n<\/div>\r\n<\/div>\r\n<\/div>\r\n<\/div>","protected":false},"excerpt":{"rendered":"<p>Der Vorstand\u200b 1. Vorsitzender: Andreas M\u00f6llerE-Mail: vorsitzender@psv-siegburg.de 2. Vorsitzender:Frank EnnenbachE-Mail:vorsitzender@psv-siegburg.de 1. Gesch\u00e4ftsf\u00fchrer:Hans-Peter SperberE-Mail: geschaeftsfuehrer@psv-siegburg.de 2.Gesch\u00e4ftsf\u00fchrerin:-aktuell nicht besetzt- &nbsp; \u00a0 1. Kassiererin:Brigitte SchaffiiE-Mail:kassierer@psv-siegburg.de 2. Kassiererin:Karola M\u00f6llerE-Mail:kassierer@psv-siegburg.de Abteilungsleiterin Tischtennis:Brigitte SchaffiiE-Mail:tischtennis@psv-siegburg.de Stellv. Abteilungsleiter Tischtennis:Thomas Kr\u00e4merE-Mail:tischtennis@psv-siegburg.de Mobil: 0157-85080095 Abteilungsleiterin BadmintonKarola M\u00f6llerE-Mail: badminton@psv-siegburg.de Stellv. Abteilungsleiter Badminton:R\u00fcdiger MeichssnerE-Mail: badminton@psv-siegburg.de Tel.: 02241-3818 12Mobil: 0172-5933 710 Abteilungsleiter Pr\u00e4vention:-aktuell nicht besetzt- &nbsp; Stellv. Abteilungsleiterin &hellip; <a href=\"https:\/\/psv-siegburg.de\/blog\/vorstand\/\" class=\"more-link\"><span class=\"screen-reader-text\">Vorstand<\/span> weiterlesen <span class=\"meta-nav\">&rarr;<\/span><\/a><\/p>\n","protected":false},"author":1,"featured_media":0,"parent":0,"menu_order":0,"comment_status":"closed","ping_status":"closed","template":"","meta":{"footnotes":""},"class_list":["post-30","page","type-page","status-publish","hentry"],"_links":{"self":[{"href":"https:\/\/psv-siegburg.de\/blog\/wp-json\/wp\/v2\/pages\/30"}],"collection":[{"href":"https:\/\/psv-siegburg.de\/blog\/wp-json\/wp\/v2\/pages"}],"about":[{"href":"https:\/\/psv-siegburg.de\/blog\/wp-json\/wp\/v2\/types\/page"}],"author":[{"embeddable":true,"href":"https:\/\/psv-siegburg.de\/blog\/wp-json\/wp\/v2\/users\/1"}],"replies":[{"embeddable":true,"href":"https:\/\/psv-siegburg.de\/blog\/wp-json\/wp\/v2\/comments?post=30"}],"version-history":[{"count":79,"href":"https:\/\/psv-siegburg.de\/blog\/wp-json\/wp\/v2\/pages\/30\/revisions"}],"predecessor-version":[{"id":2428,"href":"https:\/\/psv-siegburg.de\/blog\/wp-json\/wp\/v2\/pages\/30\/revisions\/2428"}],"wp:attachment":[{"href":"https:\/\/psv-siegburg.de\/blog\/wp-json\/wp\/v2\/media?parent=30"}],"curies":[{"name":"wp","href":"https:\/\/api.w.org\/{rel}","templated":true}]}}