{"id":47,"date":"2014-08-19T11:41:11","date_gmt":"2014-08-19T09:41:11","guid":{"rendered":"http:\/\/psv-siegburg.de\/blog\/?page_id=47"},"modified":"2023-11-21T10:04:39","modified_gmt":"2023-11-21T09:04:39","slug":"wandern","status":"publish","type":"page","link":"https:\/\/psv-siegburg.de\/blog\/wandern\/","title":{"rendered":"Wandern"},"content":{"rendered":"<p><span dir=\"ltr\" role=\"presentation\">Die Wanderabteilung ist mit \u00fcber 50 aktiven Mitgliedern <\/span><br role=\"presentation\" \/><span dir=\"ltr\" role=\"presentation\">die gr\u00f6\u00dfte Abteilung des PSV. <\/span><br role=\"presentation\" \/><span dir=\"ltr\" role=\"presentation\">Wir wandern bei (fast) jedem Wetter mindestens <\/span><span dir=\"ltr\" role=\"presentation\">einmal im <\/span><br role=\"presentation\" \/><span dir=\"ltr\" role=\"presentation\">Monat. <\/span><br role=\"presentation\" \/><span dir=\"ltr\" role=\"presentation\">Gruppe 1 (sportlich) ca. 15 &#8211; 17 Kilometer<\/span><br role=\"presentation\" \/><span dir=\"ltr\" role=\"presentation\">Gruppe 2 (moderat) ca. 10 Kilometer<\/span><br role=\"presentation\" \/><span dir=\"ltr\" role=\"presentation\">Gruppe 3 (ehem. Fu\u00dfballer) ca. 12 &#8211; 17 Kilometer w\u00f6chentl.<\/span><br role=\"presentation\" \/><span dir=\"ltr\" role=\"presentation\">Ein \u201eEinkehrschwung\u201c zum Ende der Wanderung darf <\/span><br role=\"presentation\" \/><span dir=\"ltr\" role=\"presentation\">nat\u00fcrlich nicht fehlen. Die Wandertermine finden Sie im <\/span><br role=\"presentation\" \/><span dir=\"ltr\" role=\"presentation\">Internet unter www.psv-siegburg.de <\/span><br role=\"presentation\" \/><span dir=\"ltr\" role=\"presentation\">Daneben veranstalten wir in jedem Jahr ein dreit\u00e4giges <\/span><br role=\"presentation\" \/><span dir=\"ltr\" role=\"presentation\">Wanderwochenende, sowie eine Wanderwoche im Herbst.<\/span><br role=\"presentation\" \/><span dir=\"ltr\" role=\"presentation\">Interessenten melden sich bitte bei unserem Abteilungsleiter<\/span><br role=\"presentation\" \/><span dir=\"ltr\" role=\"presentation\">Herbert Weiss unter <a href=\"mailto:wandern@psv-siegburg.de\">wandern@psv-siegburg.de <\/a><\/span><\/p>\n<p><b>Wandergruppe 1:<\/b><\/p>\n<p>Unsere Wandergruppe besteht seit 2009. Wir sind bis zu 30 M\u00e4nner und Frauen von 40 \u2013 75 Jahre, die sich einmal im Monat, meist an einem Sonntag, treffen. Die Wanderungen erstrecken sich \u00fcber 15 \u2013 17 km. Das Tempo ist sportlich. Zum Ende hin machen wir noch einen ausgiebigen \u201eEinkehrschwung\u201c in einer Gastst\u00e4tte. Die Wandertermine sind f\u00fcr das ganze Jahr vorgeplant (s. unten). Ein paar Tage vor dem jeweiligen Termin werden alle Interessenten per E-Mail angeschrieben, die Wanderung wird kurz beschrieben und es werden Treffpunkt und Uhrzeit festgelegt.<span class=\"Apple-converted-space\">\u00a0<\/span><\/p>\n<p>Wanderleiter: Hans-Peter Sperber (<a href=\"mailto:hps5@gmx.de\">hps5@gmx.de<\/a>)<\/p>\n<p>Geplante Termine 2024:<\/p>\n<table width=\"348\">\n<tbody>\n<tr>\n<td width=\"172\">Tageswanderung<\/td>\n<td width=\"63\">Sonntag<\/td>\n<td width=\"113\">14.01.24<\/td>\n<\/tr>\n<tr>\n<td>Tageswanderung<\/td>\n<td>Sonntag<\/td>\n<td>18.02.24<\/td>\n<\/tr>\n<tr>\n<td>Tageswanderung<\/td>\n<td>Sonntag<\/td>\n<td>17.03.24<\/td>\n<\/tr>\n<tr>\n<td>Tageswanderung<\/td>\n<td>Sonntag<\/td>\n<td>21.04.24<\/td>\n<\/tr>\n<tr>\n<td>Wochenendwanderung<\/td>\n<td>Fr-So<\/td>\n<td>24.-26.05.2024<\/td>\n<\/tr>\n<tr>\n<td>Tageswanderung<\/td>\n<td>Sonntag<\/td>\n<td>23.06.24<\/td>\n<\/tr>\n<tr>\n<td>Tageswanderung<\/td>\n<td>Sonntag<\/td>\n<td>21.07.24<\/td>\n<\/tr>\n<tr>\n<td>Tageswanderung<\/td>\n<td>Sonntag<\/td>\n<td>18.08.24<\/td>\n<\/tr>\n<tr>\n<td>Tageswanderung<\/td>\n<td>Sonntag<\/td>\n<td>01.09.24<\/td>\n<\/tr>\n<tr>\n<td>Tageswanderung<\/td>\n<td>Sonntag<\/td>\n<td>20.10.24<\/td>\n<\/tr>\n<tr>\n<td>Tageswanderung<\/td>\n<td>Sonntag<\/td>\n<td>17.11.24<\/td>\n<\/tr>\n<tr>\n<td>Tageswanderung<\/td>\n<td>Sonntag<\/td>\n<td>08.12.24<\/td>\n<\/tr>\n<\/tbody>\n<\/table>\n<p>Termine 2023:<\/p>\n<table width=\"503\" cellspacing=\"0\" cellpadding=\"0\">\n<tbody>\n<tr>\n<td>Tageswanderung<\/td>\n<td>Sonntag<\/td>\n<td>10.12.2023<\/td>\n<\/tr>\n<\/tbody>\n<\/table>\n<p><b>Wandergruppe 2:<\/b><\/p>\n<p>Am 02.11.2019 fand mit 15 Teilnehmerinnen und Teilnehmern die erste Wanderung statt, f\u00fcr &#8222;Alle, die es etwas gem\u00fctlicher angehen lassen wollen\u201c. Einmal monatlich -jeweils samstags- stehen gef\u00fchrte Wanderungen in die n\u00e4here Umgebung mit einer Streckenl\u00e4nge von ca. 10 km auf dem Programm. Auch wir kehren, wenn m\u00f6glich, zum Schluss in eine Gastst\u00e4tte ein, um die Wanderung gem\u00fctlich ausklingen zu lassen.<br \/>\nWenige Tage vor jedem Termin erfolgt per E-Mail die Information an alle Interessenten \u00fcber Treffpunkt und Uhrzeit und eine kurze Wanderbeschreibung. Es sind unten stehende Wandertermine geplant.<\/p>\n<p>Wanderleiterin: Brigitte Shaffii (<a href=\"mailto:b.shaffii@online.de\">b.shaffii@online.de<\/a>)<\/p>\n<p>Geplante Termine 2024:<\/p>\n<table style=\"height: 421px;\" width=\"504\">\n<tbody>\n<tr>\n<td width=\"172\">Tageswanderung<\/td>\n<td width=\"127\">Samstag<\/td>\n<td width=\"113\">06.01.24<\/td>\n<\/tr>\n<tr>\n<td>Tageswanderung<\/td>\n<td>Samstag<\/td>\n<td>03.02.24<\/td>\n<\/tr>\n<tr>\n<td>Tageswanderung<\/td>\n<td>Samstag<\/td>\n<td>09.03.24<\/td>\n<\/tr>\n<tr>\n<td>Tageswanderung<\/td>\n<td>Samstag<\/td>\n<td>13.04.24<\/td>\n<\/tr>\n<tr>\n<td>Tageswanderung<\/td>\n<td>Samstag<\/td>\n<td>18.05.24<\/td>\n<\/tr>\n<tr>\n<td>Tageswanderung<\/td>\n<td>Samstag<\/td>\n<td>15.06.24<\/td>\n<\/tr>\n<tr>\n<td>Tageswanderung<\/td>\n<td>Samstag<\/td>\n<td>13.07.24<\/td>\n<\/tr>\n<tr>\n<td>Tageswanderung<\/td>\n<td>Samstag<\/td>\n<td>10.08.24<\/td>\n<\/tr>\n<tr>\n<td>Tageswanderung<\/td>\n<td>Samstag<\/td>\n<td>07.09.24<\/td>\n<\/tr>\n<tr>\n<td>Tageswanderung<\/td>\n<td>Samstag<\/td>\n<td>12.10.24<\/td>\n<\/tr>\n<tr>\n<td>Tageswanderung<\/td>\n<td>Samstag<\/td>\n<td>09.11.24<\/td>\n<\/tr>\n<tr>\n<td>Tageswanderung<\/td>\n<td>Samstag<\/td>\n<td>14.12.24<\/td>\n<\/tr>\n<\/tbody>\n<\/table>\n<p>Termine 2023:<\/p>\n<table width=\"503\" cellspacing=\"0\" cellpadding=\"0\">\n<tbody>\n<tr>\n<td>Tageswanderung<\/td>\n<td>Samstag<\/td>\n<td>09.12.2023<\/td>\n<\/tr>\n<\/tbody>\n<\/table>\n<p><strong>Wandergruppe 3<\/strong><\/p>\n<p>Ehemalige Fu\u00dfballer des PSV treffen sich einmal w\u00f6chentlich, Mittwoch oder Donnerstag, zu gemeinschaftlichen Wanderungen im Umkreis von 150 km. Strecken von 13 -22 km. 100-800 H\u00f6henmeter, mit gemeinsamem Mittagessen\u00a0 und gemeinsamer An- und Abfahrt.<\/p>\n<p>Einmal im Jahr erfolgt ein 4-t\u00e4giger Ausflug. Gebiet und Ausflug werden dem Vorstand zur Genehmigung vorgelegt.<\/p>\n<p>Wanderf\u00fchrer: Freddy Linden und Herbert Weiss.<\/p>\n<p>Die Gruppe ist zur Zeit ausreichend besetzt, Neuaufnahmen sind zur Zeit nicht m\u00f6glich.&#8220;<\/p>\n","protected":false},"excerpt":{"rendered":"<p>Die Wanderabteilung ist mit \u00fcber 50 aktiven Mitgliedern die gr\u00f6\u00dfte Abteilung des PSV. Wir wandern bei (fast) jedem Wetter mindestens einmal im Monat. Gruppe 1 (sportlich) ca. 15 &#8211; 17 KilometerGruppe 2 (moderat) ca. 10 KilometerGruppe 3 (ehem. Fu\u00dfballer) ca. 12 &#8211; 17 Kilometer w\u00f6chentl.Ein \u201eEinkehrschwung\u201c zum Ende der Wanderung darf nat\u00fcrlich nicht fehlen. Die &hellip; <a href=\"https:\/\/psv-siegburg.de\/blog\/wandern\/\" class=\"more-link\"><span class=\"screen-reader-text\">Wandern<\/span> weiterlesen <span class=\"meta-nav\">&rarr;<\/span><\/a><\/p>\n","protected":false},"author":1,"featured_media":0,"parent":0,"menu_order":0,"comment_status":"closed","ping_status":"closed","template":"","meta":{"footnotes":""},"class_list":["post-47","page","type-page","status-publish","hentry"],"_links":{"self":[{"href":"https:\/\/psv-siegburg.de\/blog\/wp-json\/wp\/v2\/pages\/47"}],"collection":[{"href":"https:\/\/psv-siegburg.de\/blog\/wp-json\/wp\/v2\/pages"}],"about":[{"href":"https:\/\/psv-siegburg.de\/blog\/wp-json\/wp\/v2\/types\/page"}],"author":[{"embeddable":true,"href":"https:\/\/psv-siegburg.de\/blog\/wp-json\/wp\/v2\/users\/1"}],"replies":[{"embeddable":true,"href":"https:\/\/psv-siegburg.de\/blog\/wp-json\/wp\/v2\/comments?post=47"}],"version-history":[{"count":31,"href":"https:\/\/psv-siegburg.de\/blog\/wp-json\/wp\/v2\/pages\/47\/revisions"}],"predecessor-version":[{"id":1689,"href":"https:\/\/psv-siegburg.de\/blog\/wp-json\/wp\/v2\/pages\/47\/revisions\/1689"}],"wp:attachment":[{"href":"https:\/\/psv-siegburg.de\/blog\/wp-json\/wp\/v2\/media?parent=47"}],"curies":[{"name":"wp","href":"https:\/\/api.w.org\/{rel}","templated":true}]}}